{"id":300,"date":"2021-11-22T13:11:41","date_gmt":"2021-11-22T10:11:41","guid":{"rendered":"https:\/\/tatd.org.tr\/yayin\/?page_id=300"},"modified":"2021-11-22T13:11:41","modified_gmt":"2021-11-22T10:11:41","slug":"yonerge-ve-diger-belgeler","status":"publish","type":"page","link":"https:\/\/tatd.org.tr\/yayin\/hakkimizda\/belgeler\/yonerge-ve-diger-belgeler\/","title":{"rendered":"Y\u00f6nerge ve Di\u011fer Belgeler"},"content":{"rendered":"<p>Komisyon taraf\u0131ndan haz\u0131rlanan y\u00f6nerge ve di\u011fer idari s\u00fcre\u00e7lere dair belgelere bu sayfada yer verilmektedir.<\/p>\n<div class=\"pcrstb-wrap\"><table style=\"border-collapse: collapse; width: 100%;\" border=\"1\">\n<tbody>\n<tr>\n<td style=\"width: 34.8425%;\"><strong>Y\u00f6nerge<\/strong><\/td>\n<td style=\"width: 25.3937%;\"><strong>Versiyon<\/strong><\/td>\n<td style=\"width: 39.7638%;\"><strong>Y\u00fcr\u00fcrl\u00fck Tarihi<\/strong><\/td>\n<\/tr>\n<tr>\n<td style=\"width: 34.8425%;\">Komisyon \u00c7al\u0131\u015fma y\u00f6nergesi haz\u0131rlanmaktad\u0131r<\/td>\n<td style=\"width: 25.3937%;\"><\/td>\n<td style=\"width: 39.7638%;\"><\/td>\n<\/tr>\n<tr>\n<td style=\"width: 34.8425%;\"><a class=\"btn btn-outline-primary fw-bold text-start\" href=\"https:\/\/tatd.org.tr\/yayin\/wp-content\/uploads\/sites\/27\/2021\/10\/TRJEM-1-Yeni-Edito\u0308r-Atanmasi-Halinde-Yapilacak-I\u0307s\u0327lemler-Yo\u0308nergesi.doc\" target=\"_blank\" rel=\"noopener\"><i class=\"fas fa-file-word me-2\"><\/i>TRJEM-1 Yeni Edito\u0308r Atanmas\u0131 Halinde Yap\u0131lacak I\u0307s\u0327lemler Yo\u0308nergesi (69,50 KB)<\/a><\/td>\n<td style=\"width: 25.3937%;\">Orjinal<\/td>\n<td style=\"width: 39.7638%;\">2011<\/td>\n<\/tr>\n<tr>\n<td style=\"width: 34.8425%;\"><a class=\"btn btn-outline-primary fw-bold text-start\" href=\"https:\/\/tatd.org.tr\/yayin\/wp-content\/uploads\/sites\/27\/2021\/10\/TRJEM-2-Yeni-Edito\u0308r-Yardimcisi-Atanmasi-Halinde-Yapilacak-I\u0307s\u0327lemler-Yo\u0308nergesi.doc\" target=\"_blank\" rel=\"noopener\"><i class=\"fas fa-file-word me-2\"><\/i>TRJEM-2 Yeni Edito\u0308r Yard\u0131mc\u0131s\u0131 Atanmas\u0131 Halinde Yap\u0131lacak I\u0307s\u0327lemler Yo\u0308nergesi (58,50 KB)<\/a><\/td>\n<td style=\"width: 25.3937%;\">Orjinal<\/td>\n<td style=\"width: 39.7638%;\">2011<\/td>\n<\/tr>\n<\/tbody>\n<\/table><\/div>\n","protected":false},"excerpt":{"rendered":"<p>Komisyon taraf\u0131ndan haz\u0131rlanan y\u00f6nerge ve di\u011fer idari s\u00fcre\u00e7lere dair belgelere bu sayfada yer verilmektedir. Y\u00f6nerge Versiyon Y\u00fcr\u00fcrl\u00fck Tarihi Komisyon \u00c7al\u0131\u015fma y\u00f6nergesi haz\u0131rlanmaktad\u0131r&hellip;<\/p>\n","protected":false},"author":1561,"featured_media":0,"parent":60,"menu_order":1,"comment_status":"closed","ping_status":"closed","template":"","meta":{"_acf_changed":false,"inline_featured_image":false,"_lmt_disableupdate":"","_lmt_disable":"","footnotes":""},"class_list":["post-300","page","type-page","status-publish","hentry"],"acf":[],"_links":{"self":[{"href":"https:\/\/tatd.org.tr\/yayin\/wp-json\/wp\/v2\/pages\/300","targetHints":{"allow":["GET"]}}],"collection":[{"href":"https:\/\/tatd.org.tr\/yayin\/wp-json\/wp\/v2\/pages"}],"about":[{"href":"https:\/\/tatd.org.tr\/yayin\/wp-json\/wp\/v2\/types\/page"}],"author":[{"embeddable":true,"href":"https:\/\/tatd.org.tr\/yayin\/wp-json\/wp\/v2\/users\/1561"}],"replies":[{"embeddable":true,"href":"https:\/\/tatd.org.tr\/yayin\/wp-json\/wp\/v2\/comments?post=300"}],"version-history":[{"count":0,"href":"https:\/\/tatd.org.tr\/yayin\/wp-json\/wp\/v2\/pages\/300\/revisions"}],"up":[{"embeddable":true,"href":"https:\/\/tatd.org.tr\/yayin\/wp-json\/wp\/v2\/pages\/60"}],"wp:attachment":[{"href":"https:\/\/tatd.org.tr\/yayin\/wp-json\/wp\/v2\/media?parent=300"}],"curies":[{"name":"wp","href":"https:\/\/api.w.org\/{rel}","templated":true}]}}