{"id":228,"date":"2021-04-07T13:31:31","date_gmt":"2021-04-07T10:31:31","guid":{"rendered":"https:\/\/tatd.org.tr\/uzmanlik\/?page_id=2"},"modified":"2021-11-19T18:27:25","modified_gmt":"2021-11-19T15:27:25","slug":"hakkimizda","status":"publish","type":"page","link":"https:\/\/tatd.org.tr\/uzmanlik\/hakkimizda\/","title":{"rendered":"Hakk\u0131m\u0131zda"},"content":{"rendered":"<p><strong>TATD Acil T\u0131p Uzmanl\u0131\u011f\u0131 Komisyonu<\/strong>, Sa\u011fl\u0131k Bakanl\u0131\u011f\u0131, TTB-UDEK ve ilgili di\u011fer kurum ile kurulu\u015flar nezdinde Acil T\u0131p Uzmanl\u0131\u011f\u0131n\u0131 temsil etmek; Acil T\u0131p Uzmanlar\u0131n\u0131n \u00f6zl\u00fck haklar\u0131 ve \u00e7al\u0131\u015fma ko\u015fullar\u0131 hakk\u0131nda g\u00f6r\u00fc\u015f olu\u015fturup merkezi otorite ile ili\u015fkiye ge\u00e7mek; kamu, \u00fcniversite, afiliye ve \u00f6zel hastanelerde \u00e7al\u0131\u015fan Acil T\u0131p Uzmanlar\u0131n\u0131n \u00e7al\u0131\u015fma ko\u015fullar\u0131 ile ilgili g\u00f6r\u00fc\u015f olu\u015fturmak; acil servis standartlar\u0131 (mimari, insan g\u00fcc\u00fc ve malzeme) konusunda bilgi ve belge \u00fcretmek ve konu ile ilgili t\u00fcm kurum ve kurulu\u015flarla i\u015fbirli\u011fi i\u00e7erisinde olmak amac\u0131yla 2020 y\u0131l\u0131nda kurulmu\u015ftur.<\/p>\n<p><strong>TATD Acil T\u0131p Uzmanl\u0131\u011f\u0131 Komisyonu<\/strong>\u00a0i\u00e7erisinde \u00e7al\u0131\u015fmak ve etkinliklerde g\u00f6rev almak isteyen dernek \u00fcyelerimiz, TATD \u00fcye alan\u0131na \u015fifreleri ile giri\u015f yaparak &#8220;Hesab\u0131m&#8221; k\u0131sm\u0131 &#8220;G\u00f6revler&#8221; sekmesinden \u00e7al\u0131\u015fmak istedikleri komisyon ve \u00e7al\u0131\u015fma gruplar\u0131n\u0131 se\u00e7mek suretiyle ilgili birimlerin Y\u00fcr\u00fctme Kurullar\u0131na taleplerini iletebilir ya da men\u00fcde yer alan ileti\u015fim sayfas\u0131ndaki bilgileri kullanarak kendilerine ula\u015fabilirler.<\/p>\n<p>Komisyonumuz b\u00fcnyesinde Acil T\u0131p Uzmanlar\u0131n\u0131 b\u00f6lgesel olarak bir araya getiren ve t\u00fcm \u00fclkeyi kapsayan g\u00fc\u00e7l\u00fc bir ileti\u015fim a\u011f\u0131 kurulmu\u015ftur. Bu a\u011fa dahil olmak ve b\u00f6lgesel ileti\u015fim gruplar\u0131na kat\u0131lmak i\u00e7in \u0130leti\u015fim sekmesinde yer alan bilgiler ile y\u00fcr\u00fctme kuruluna ula\u015fabilirsiniz.<\/p>\n<p>Ayr\u0131ca Kad\u0131n Acil T\u0131p hekimlerimizin hak ve kazan\u0131mlar\u0131na \u00f6zel olarak kurulmu\u015f <strong>TATDKad\u0131n<\/strong> alt komisyon sayfam\u0131z\u0131 da a\u015fa\u011f\u0131da yer alan linkten ziyaret edebilirsiniz.<\/p>\n","protected":false},"excerpt":{"rendered":"<p>TATD Acil T\u0131p Uzmanl\u0131\u011f\u0131 Komisyonu, Sa\u011fl\u0131k Bakanl\u0131\u011f\u0131, TTB-UDEK ve ilgili di\u011fer kurum ile kurulu\u015flar nezdinde Acil T\u0131p Uzmanl\u0131\u011f\u0131n\u0131 temsil etmek; Acil T\u0131p&hellip;<\/p>\n","protected":false},"author":1,"featured_media":0,"parent":0,"menu_order":0,"comment_status":"closed","ping_status":"closed","template":"","meta":{"_acf_changed":false,"inline_featured_image":false,"_lmt_disableupdate":"","_lmt_disable":"","footnotes":""},"class_list":["post-228","page","type-page","status-publish","hentry"],"acf":[],"_links":{"self":[{"href":"https:\/\/tatd.org.tr\/uzmanlik\/wp-json\/wp\/v2\/pages\/228","targetHints":{"allow":["GET"]}}],"collection":[{"href":"https:\/\/tatd.org.tr\/uzmanlik\/wp-json\/wp\/v2\/pages"}],"about":[{"href":"https:\/\/tatd.org.tr\/uzmanlik\/wp-json\/wp\/v2\/types\/page"}],"author":[{"embeddable":true,"href":"https:\/\/tatd.org.tr\/uzmanlik\/wp-json\/wp\/v2\/users\/1"}],"replies":[{"embeddable":true,"href":"https:\/\/tatd.org.tr\/uzmanlik\/wp-json\/wp\/v2\/comments?post=228"}],"version-history":[{"count":0,"href":"https:\/\/tatd.org.tr\/uzmanlik\/wp-json\/wp\/v2\/pages\/228\/revisions"}],"wp:attachment":[{"href":"https:\/\/tatd.org.tr\/uzmanlik\/wp-json\/wp\/v2\/media?parent=228"}],"curies":[{"name":"wp","href":"https:\/\/api.w.org\/{rel}","templated":true}]}}