{"id":358,"date":"2021-11-20T02:08:20","date_gmt":"2021-11-19T23:08:20","guid":{"rendered":"https:\/\/tatd.org.tr\/tatdtravma\/?page_id=358"},"modified":"2021-11-20T02:08:20","modified_gmt":"2021-11-19T23:08:20","slug":"yara-bakimi-kursu","status":"publish","type":"page","link":"https:\/\/tatd.org.tr\/travma\/etkinliklerimiz\/kurslarimiz\/yara-bakimi-kursu\/","title":{"rendered":"Yara Bak\u0131m\u0131 Kursu"},"content":{"rendered":"<h3><b>Kurs Koordinat\u00f6r\u00fc<\/b><\/h3>\n<ul>\n<li><span style=\"font-weight: 400;\">Prof. Dr. Serkan \u015eENER<\/span><\/li>\n<\/ul>\n<h3><b>Kursun Amac\u0131, Kapsam\u0131 ve Hedefleri<\/b><\/h3>\n<p><span style=\"font-weight: 400;\">Kursun Amac\u0131 ve Y\u00f6ntemi<\/span><\/p>\n<ul>\n<li style=\"font-weight: 400;\" aria-level=\"1\"><span style=\"font-weight: 400;\">Kursun temel amac\u0131 acil serviste s\u0131k kar\u015f\u0131la\u015f\u0131lan basit komplike olmayan akut yaralara ilk yakla\u015f\u0131m ve kapatma tekniklerinin \u00f6\u011fretilmesidir.<\/span><\/li>\n<li style=\"font-weight: 400;\" aria-level=\"1\"><span style=\"font-weight: 400;\">K\u0131sa akut yaral\u0131 hasta ve yaraya yakla\u015f\u0131m\u0131n ard\u0131ndan, temel malzemelerin tan\u0131t\u0131lmas\u0131<\/span><\/li>\n<li style=\"font-weight: 400;\" aria-level=\"1\"><span style=\"font-weight: 400;\">Her yara kapatma tekni\u011finin \u00f6ncesinde k\u0131sa video ard\u0131ndan televizyona yans\u0131t\u0131lm\u0131\u015f canl\u0131 kamera g\u00f6r\u00fcnt\u00fcs\u00fcnden e\u011fiticiyle beraber maket\/modeller \u00fczerinde uygulaman\u0131n ger\u00e7ekle\u015ftirilmesi.<\/span><\/li>\n<\/ul>\n<p><span style=\"font-weight: 400;\">\u00d6\u011frenim Hedefleri<\/span><\/p>\n<ul>\n<li style=\"font-weight: 400;\" aria-level=\"1\"><span style=\"font-weight: 400;\">Akut yaray\u0131 tan\u0131ma ve hastaya ilk do\u011fru yakla\u015f\u0131m.<\/span><\/li>\n<li style=\"font-weight: 400;\" aria-level=\"1\"><span style=\"font-weight: 400;\">Yaran\u0131n primer kapatma \u00f6ncesi haz\u0131rlanmas\u0131 ve anestezi tekniklerinin uygulanmas\u0131.<\/span><\/li>\n<li style=\"font-weight: 400;\" aria-level=\"1\"><span style=\"font-weight: 400;\">Yara kapatmada kullan\u0131lan temel malzemelerin tan\u0131t\u0131lmas\u0131 ve kullan\u0131m\u0131<\/span><\/li>\n<li style=\"font-weight: 400;\" aria-level=\"1\"><span style=\"font-weight: 400;\">Alt\u0131 temel yara kapatma tekni\u011finin \u00f6nce video ve anl\u0131k e\u011fitici g\u00f6r\u00fcnt\u00fcleriyle \u00f6\u011frenciler taraf\u0131ndan uygulanmas\u0131.<\/span><\/li>\n<\/ul>\n<p><span style=\"font-weight: 400;\">Yara kapat\u0131ld\u0131ktan sonra yara bak\u0131m\u0131 ve takibi \u00f6nerilerinin hasta ile payla\u015f\u0131lmas\u0131.<\/span><\/p>\n<h3><b>Kursun Hedef Kitlesi<\/b><\/h3>\n<p><span style=\"font-weight: 400;\">Acil T\u0131p Asistanlar\u0131 (t\u00fcm k\u0131demler), Acil T\u0131p Uzmanlar\u0131.\u00a0<\/span><\/p>\n<h3><b>Kurs Plan\u0131<\/b><\/h3>\n<p><span style=\"font-weight: 400;\">Kurs tek g\u00fcn i\u00e7in sabah 09:00&#8217;da ba\u015flay\u0131p ilk g\u00fcn 17:00\u2019de bitecek \u015fekilde planlanm\u0131\u015ft\u0131r.<\/span><\/p>\n<h3><b>Kat\u0131l\u0131mc\u0131 say\u0131s\u0131 ve Oturma D\u00fczeni<\/b><\/h3>\n<p><span style=\"font-weight: 400;\">Kat\u0131l\u0131mc\u0131 say\u0131s\u0131 25\u2019tir. Bu kursun oturma d\u00fczeni s\u0131n\u0131f d\u00fczenidir.\u00a0<\/span><\/p>\n<h3><b>Kurs konular\u0131 ve Program\u0131<\/b><\/h3>\n<ul>\n<li style=\"font-weight: 400;\" aria-level=\"1\"><span style=\"font-weight: 400;\">Akut yara tan\u0131m\u0131 ve iyile\u015fmesi<\/span><\/li>\n<li style=\"font-weight: 400;\" aria-level=\"1\"><span style=\"font-weight: 400;\">Akut yaral\u0131 hastaya ilk yakla\u015f\u0131m<\/span><\/li>\n<li style=\"font-weight: 400;\" aria-level=\"1\"><span style=\"font-weight: 400;\">Malzemelerin tan\u0131t\u0131lmas\u0131 ve kullan\u0131m teknikleri<\/span><\/li>\n<li style=\"font-weight: 400;\" aria-level=\"1\"><span style=\"font-weight: 400;\">Pratik &#8211; Malzemelerin tan\u0131t\u0131lmas\u0131 ve kullan\u0131m teknikleri<\/span><\/li>\n<li style=\"font-weight: 400;\" aria-level=\"1\"><span style=\"font-weight: 400;\">Yaran\u0131n haz\u0131rlanmas\u0131 ve anestezi teknikleri<\/span><\/li>\n<li style=\"font-weight: 400;\" aria-level=\"1\"><span style=\"font-weight: 400;\">Pratik &#8211; Yaran\u0131n haz\u0131rlanmas\u0131 ve anestezi teknikleri<\/span><\/li>\n<li style=\"font-weight: 400;\" aria-level=\"1\"><span style=\"font-weight: 400;\">Pratik &#8211; Temel sut\u00fcr teknikleri<\/span>\n<ul>\n<li style=\"font-weight: 400;\" aria-level=\"2\"><span style=\"font-weight: 400;\">Basit aral\u0131kl\u0131 teknik<\/span><\/li>\n<li style=\"font-weight: 400;\" aria-level=\"2\"><span style=\"font-weight: 400;\">Basit aral\u0131kl\u0131 cilt alt\u0131 teknik<\/span><\/li>\n<li style=\"font-weight: 400;\" aria-level=\"2\"><span style=\"font-weight: 400;\">Devaml\u0131 cilt alt\u0131 teknik<\/span><\/li>\n<li style=\"font-weight: 400;\" aria-level=\"2\"><span style=\"font-weight: 400;\">Vertikal matres teknik<\/span><\/li>\n<li style=\"font-weight: 400;\" aria-level=\"2\"><span style=\"font-weight: 400;\">Horizontal matres teknik<\/span><\/li>\n<li style=\"font-weight: 400;\" aria-level=\"2\"><span style=\"font-weight: 400;\">\u0130\u015flem sonras\u0131 yara bak\u0131m\u0131 ve taburculuk \u00f6nerileri<\/span><\/li>\n<\/ul>\n<\/li>\n<\/ul>\n<h3>\u00d6rnek Program<\/h3>\n<p><b>Kurs Koordinat\u00f6r\u00fc: <\/b><span style=\"font-weight: 400;\">Prof. Dr. Serkan \u015eENER<\/span><\/p>\n<div class=\"pcrstb-wrap\"><table>\n<tbody>\n<tr>\n<td colspan=\"3\"><b>1. G\u00dcN<\/b><\/td>\n<\/tr>\n<tr>\n<td><b>Saat<\/b><\/td>\n<td><b>Konu<\/b><\/td>\n<td><b>E\u011fitmen<\/b><\/td>\n<\/tr>\n<tr>\n<td><span style=\"font-weight: 400;\">13:30 &#8211; 14:10<\/span><\/td>\n<td><span style=\"font-weight: 400;\">Akut yara bak\u0131m\u0131, yaran\u0131n haz\u0131rlanmas\u0131 ve anestezi teknikleri, malzemelerin tan\u0131t\u0131lmas\u0131<\/span><\/td>\n<td><span style=\"font-weight: 400;\">Prof.Dr. Serkan \u015eENER<\/span><\/td>\n<\/tr>\n<tr>\n<td><span style=\"font-weight: 400;\">14:10 &#8211; 14:30<\/span><\/td>\n<td><b>ARA<\/b><\/td>\n<td><\/td>\n<\/tr>\n<tr>\n<td><span style=\"font-weight: 400;\">14:30 \u2013 15:10<\/span><\/td>\n<td><span style=\"font-weight: 400;\">Pratik &#8211; Yaran\u0131n haz\u0131rlanmas\u0131 ve anestezi teknikleri<\/span><\/td>\n<td><span style=\"font-weight: 400;\">Prof.Dr. Serkan \u015eENER<\/span><\/td>\n<\/tr>\n<tr>\n<td><span style=\"font-weight: 400;\">16:00 \u2013 17:00<\/span><\/td>\n<td><b>ARA<\/b><\/td>\n<td><\/td>\n<\/tr>\n<tr>\n<td><span style=\"font-weight: 400;\">15:30 &#8211; 17:00<\/span><\/td>\n<td><span style=\"font-weight: 400;\">Pratik &#8211; Temel sut\u00fcr teknikleri<\/span><\/td>\n<td><span style=\"font-weight: 400;\">Prof.Dr. Serkan \u015eENER<\/span><\/td>\n<\/tr>\n<\/tbody>\n<\/table><\/div>\n<p>&nbsp;<\/p>\n","protected":false},"excerpt":{"rendered":"<p>Kurs Koordinat\u00f6r\u00fc Prof. Dr. Serkan \u015eENER Kursun Amac\u0131, Kapsam\u0131 ve Hedefleri Kursun Amac\u0131 ve Y\u00f6ntemi Kursun temel amac\u0131 acil serviste s\u0131k kar\u015f\u0131la\u015f\u0131lan&hellip;<\/p>\n","protected":false},"author":1561,"featured_media":0,"parent":350,"menu_order":0,"comment_status":"closed","ping_status":"closed","template":"","meta":{"_acf_changed":false,"inline_featured_image":false,"_lmt_disableupdate":"","_lmt_disable":"","footnotes":""},"class_list":["post-358","page","type-page","status-publish","hentry"],"acf":[],"_links":{"self":[{"href":"https:\/\/tatd.org.tr\/travma\/wp-json\/wp\/v2\/pages\/358","targetHints":{"allow":["GET"]}}],"collection":[{"href":"https:\/\/tatd.org.tr\/travma\/wp-json\/wp\/v2\/pages"}],"about":[{"href":"https:\/\/tatd.org.tr\/travma\/wp-json\/wp\/v2\/types\/page"}],"author":[{"embeddable":true,"href":"https:\/\/tatd.org.tr\/travma\/wp-json\/wp\/v2\/users\/1561"}],"replies":[{"embeddable":true,"href":"https:\/\/tatd.org.tr\/travma\/wp-json\/wp\/v2\/comments?post=358"}],"version-history":[{"count":0,"href":"https:\/\/tatd.org.tr\/travma\/wp-json\/wp\/v2\/pages\/358\/revisions"}],"up":[{"embeddable":true,"href":"https:\/\/tatd.org.tr\/travma\/wp-json\/wp\/v2\/pages\/350"}],"wp:attachment":[{"href":"https:\/\/tatd.org.tr\/travma\/wp-json\/wp\/v2\/media?parent=358"}],"curies":[{"name":"wp","href":"https:\/\/api.w.org\/{rel}","templated":true}]}}