{"id":36,"date":"2021-09-21T09:10:00","date_gmt":"2021-09-21T06:10:00","guid":{"rendered":"https:\/\/tatd.org.tr\/tatdus\/?page_id=36"},"modified":"2021-12-24T15:20:07","modified_gmt":"2021-12-24T12:20:07","slug":"vizyon","status":"publish","type":"page","link":"https:\/\/tatd.org.tr\/tatdus\/homepage\/vizyon\/","title":{"rendered":"Vizyon ve Misyon"},"content":{"rendered":"<p><strong>Vizyon<\/strong><\/p>\n<p>Vizyonumuz; acil serviste yatak ba\u015f\u0131 ultrasonografi uygulamalar\u0131n\u0131n acil hekimlerince kullan\u0131m\u0131n\u0131 yayg\u0131nla\u015ft\u0131rmak \u00fczere \u00e7al\u0131\u015fmalar yapmak, kullan\u0131m becerilerini geli\u015ftirmek \u00fczere kurslar d\u00fczenlemek, Acil T\u0131p Uzmanl\u0131k e\u011fitimi almakta olan asistanlar\u0131n yatak ba\u015f\u0131 ultrasonografi uygulama e\u011fitimine katk\u0131da bulunmak \u00fczere uygulama \u00f6nerileri geli\u015ftirmek, yay\u0131n organlar\u0131m\u0131zda (web sitesi, sosyal medya) yatak ba\u015f\u0131 ultrasonografi uygulamalar\u0131 ile ilgili g\u00fcncel k\u0131lavuz ve uygulama \u00f6nerilerini payla\u015fmakt\u0131r.<\/p>\n<p><strong>Misyon<\/strong><\/p>\n<p>Misyonumuz; acil serviste yatak ba\u015f\u0131 ultrasonografi uygulamalar\u0131n\u0131n \u00f6nemini vurgulayarak, bu konuda acil hekimlerinin fark\u0131ndal\u0131\u011f\u0131n\u0131 art\u0131rmak, bilgi ve becerilerini geli\u015ftirmek \u00fczere \u00e7al\u0131\u015fmalar yapmakt\u0131r.<\/p>\n","protected":false},"excerpt":{"rendered":"<p>Vizyon Vizyonumuz; acil serviste yatak ba\u015f\u0131 ultrasonografi uygulamalar\u0131n\u0131n acil hekimlerince kullan\u0131m\u0131n\u0131 yayg\u0131nla\u015ft\u0131rmak \u00fczere \u00e7al\u0131\u015fmalar yapmak, kullan\u0131m becerilerini geli\u015ftirmek \u00fczere kurslar d\u00fczenlemek, Acil&hellip;<\/p>\n","protected":false},"author":1599,"featured_media":0,"parent":2908,"menu_order":2,"comment_status":"closed","ping_status":"closed","template":"","meta":{"_acf_changed":false,"inline_featured_image":false,"_lmt_disableupdate":"","_lmt_disable":"","footnotes":""},"class_list":["post-36","page","type-page","status-publish","hentry"],"acf":[],"_links":{"self":[{"href":"https:\/\/tatd.org.tr\/tatdus\/wp-json\/wp\/v2\/pages\/36","targetHints":{"allow":["GET"]}}],"collection":[{"href":"https:\/\/tatd.org.tr\/tatdus\/wp-json\/wp\/v2\/pages"}],"about":[{"href":"https:\/\/tatd.org.tr\/tatdus\/wp-json\/wp\/v2\/types\/page"}],"author":[{"embeddable":true,"href":"https:\/\/tatd.org.tr\/tatdus\/wp-json\/wp\/v2\/users\/1599"}],"replies":[{"embeddable":true,"href":"https:\/\/tatd.org.tr\/tatdus\/wp-json\/wp\/v2\/comments?post=36"}],"version-history":[{"count":0,"href":"https:\/\/tatd.org.tr\/tatdus\/wp-json\/wp\/v2\/pages\/36\/revisions"}],"up":[{"embeddable":true,"href":"https:\/\/tatd.org.tr\/tatdus\/wp-json\/wp\/v2\/pages\/2908"}],"wp:attachment":[{"href":"https:\/\/tatd.org.tr\/tatdus\/wp-json\/wp\/v2\/media?parent=36"}],"curies":[{"name":"wp","href":"https:\/\/api.w.org\/{rel}","templated":true}]}}