{"id":3197,"date":"2021-11-21T22:22:45","date_gmt":"2021-11-21T19:22:45","guid":{"rendered":"https:\/\/tatd.org.tr\/tatdus\/?page_id=3197"},"modified":"2022-04-29T17:05:55","modified_gmt":"2022-04-29T14:05:55","slug":"kilavuz-ve-rehberler","status":"publish","type":"page","link":"https:\/\/tatd.org.tr\/tatdus\/homepage\/belgeler\/kilavuz-ve-rehberler\/","title":{"rendered":"K\u0131lavuz ve Rehberler"},"content":{"rendered":"<p>\u00c7al\u0131\u015fma Grubu taraf\u0131ndan haz\u0131rlan\u0131p yay\u0131nlanan k\u0131lavuz, rehber ve yay\u0131nlara bu sayfada yer verilmektedir.<\/p>\n<div class=\"pcrstb-wrap\"><table style=\"border-collapse: collapse;width: 100%\" border=\"1\">\n<tbody>\n<tr style=\"height: 24px\">\n<td style=\"width: 30.0857%;height: 24px\"><strong>K\u0131lavuz<\/strong><\/td>\n<td style=\"width: 55.3902%;height: 24px\"><strong>Edit\u00f6r ve Yazarlar<\/strong><\/td>\n<td style=\"width: 14.524%;height: 24px\"><strong>Yay\u0131n Y\u0131l\u0131<\/strong><\/td>\n<\/tr>\n<tr style=\"height: 48px\">\n<td style=\"width: 30.0857%;height: 48px\"><a class=\"btn btn-outline-primary fw-bold text-start\" href=\"https:\/\/tatd.org.tr\/tatdus\/wp-content\/uploads\/sites\/5\/2022\/04\/c0c2af478de8460228e3bb47e861ea80.pdf\" target=\"_blank\" rel=\"noopener\"><i class=\"fas fa-file-pdf me-2\"><\/i>Acil USG E\u011fitim ve Uygulama \u00d6nerileri (646,42 KB)<\/a><\/td>\n<td style=\"width: 55.3902%;height: 48px\">Edit\u00f6r: Asl\u0131han Y\u00fcr\u00fckt\u00fcmen \u00dcnal<\/p>\n<p>Yard\u0131mc\u0131 Edit\u00f6r: Mehmet Ali Aslaner<\/p>\n<p><span style=\"font-family: inherit;font-size: inherit\">Yazarlar: <\/span><span style=\"font-family: inherit;font-size: inherit\">\u00d6zlem Dikme, Funda Karbek Akarca, Murat Ye\u015filaras, \u00d6zg\u00fcr \u00c7evrim, Volkan Arslan, Bet\u00fcl G\u00fclalp, Adnan Yamano\u011flu, Serkan Bilgin, Zeynep Keke\u00e7, Alten Oskay, Fatih \u00c7al\u0131\u015fkan, \u00d6zg\u00fcr Dikme, Burcu Azapo\u011flu Kaymak, Metin Yadigaro\u011flu, Atakan Savrun, \u015eeyda Tuba Savrun, Nurdan Erg\u00fcn, Mustafa Emin \u00c7anak\u00e7\u0131<\/span><\/td>\n<td style=\"width: 14.524%;height: 48px\">2021<\/td>\n<\/tr>\n<\/tbody>\n<\/table><\/div>\n","protected":false},"excerpt":{"rendered":"<p>\u00c7al\u0131\u015fma Grubu taraf\u0131ndan haz\u0131rlan\u0131p yay\u0131nlanan k\u0131lavuz, rehber ve yay\u0131nlara bu sayfada yer verilmektedir. K\u0131lavuz Edit\u00f6r ve Yazarlar Yay\u0131n Y\u0131l\u0131 Acil USG E\u011fitim&hellip;<\/p>\n","protected":false},"author":1561,"featured_media":0,"parent":60,"menu_order":10,"comment_status":"closed","ping_status":"closed","template":"","meta":{"_acf_changed":false,"inline_featured_image":false,"_lmt_disableupdate":"","_lmt_disable":"","footnotes":""},"class_list":["post-3197","page","type-page","status-publish","hentry"],"acf":[],"_links":{"self":[{"href":"https:\/\/tatd.org.tr\/tatdus\/wp-json\/wp\/v2\/pages\/3197","targetHints":{"allow":["GET"]}}],"collection":[{"href":"https:\/\/tatd.org.tr\/tatdus\/wp-json\/wp\/v2\/pages"}],"about":[{"href":"https:\/\/tatd.org.tr\/tatdus\/wp-json\/wp\/v2\/types\/page"}],"author":[{"embeddable":true,"href":"https:\/\/tatd.org.tr\/tatdus\/wp-json\/wp\/v2\/users\/1561"}],"replies":[{"embeddable":true,"href":"https:\/\/tatd.org.tr\/tatdus\/wp-json\/wp\/v2\/comments?post=3197"}],"version-history":[{"count":0,"href":"https:\/\/tatd.org.tr\/tatdus\/wp-json\/wp\/v2\/pages\/3197\/revisions"}],"up":[{"embeddable":true,"href":"https:\/\/tatd.org.tr\/tatdus\/wp-json\/wp\/v2\/pages\/60"}],"wp:attachment":[{"href":"https:\/\/tatd.org.tr\/tatdus\/wp-json\/wp\/v2\/media?parent=3197"}],"curies":[{"name":"wp","href":"https:\/\/api.w.org\/{rel}","templated":true}]}}