{"id":227,"date":"2021-10-17T23:08:36","date_gmt":"2021-10-17T20:08:36","guid":{"rendered":"https:\/\/tatd.org.tr\/template\/?page_id=12"},"modified":"2021-11-21T18:46:16","modified_gmt":"2021-11-21T15:46:16","slug":"amac-ve-hedefler","status":"publish","type":"page","link":"https:\/\/tatd.org.tr\/tatdhayat\/hakkimizda\/amac-ve-hedefler\/","title":{"rendered":"Ama\u00e7 ve Hedefler"},"content":{"rendered":"<p>Kurulu\u015f amac\u0131 sag\u0306l\u0131kl\u0131 yas\u0327am konusunda fark\u0131ndal\u0131k yaratmak olan TATDHAYAT olarak spor, ku\u0308ltu\u0308rel ve eg\u0306itsel alanda c\u0327es\u0327itli faaliyetler du\u0308zenlemek ana amac\u0131m\u0131zd\u0131r.<\/p>\n<p>Di\u011fer ama\u00e7lar\u0131m\u0131z:<\/p>\n<ul>\n<li>Acil T\u0131pta Sa\u011fl\u0131kl\u0131 Ya\u015fam konusunda ve fiziksel, ruhsal ve sosyal bile\u015fenleri hakk\u0131nda bir fark\u0131ndal\u0131k yaratmak,<\/li>\n<li>Acil T\u0131pta Sa\u011fl\u0131kl\u0131 Ya\u015fam \u00e7al\u0131\u015fma grubu olarak \u00e7e\u015fitli sosyal etkinlikler, faaliyetler ve sempozyumlar d\u00fczenlemek,<\/li>\n<li>T\u00fcrkiye Acil T\u0131p Derne\u011fini b\u00fcnyesinde d\u00fczenlenen kongre ve sempozyumlarda \u00e7e\u015fitli oturumlar d\u00fczenlemek, stantlar a\u00e7mak ve etkinlikler d\u00fczenlemek,<\/li>\n<li>Sa\u011fl\u0131kl\u0131 ya\u015fam ve Acil T\u0131p ile ilgili yaz\u0131l\u0131 ve g\u00f6rsel materyaller \u00fcretmek,<\/li>\n<li>Acil T\u0131pta Sa\u011fl\u0131kl\u0131 Ya\u015fam ile ilgili uluslararas\u0131 platformlarda T\u00fcrkiye Acil T\u0131p Derne\u011fini\u00a0temsil etmek,<\/li>\n<li>Acil T\u0131pta Sa\u011fl\u0131kl\u0131 Ya\u015fam ile ilgili uluslararas\u0131 di\u011fer dernekler ve kurulu\u015flarla i\u015fbirli\u011fi yapmak,<\/li>\n<li>Acil T\u0131pta Sa\u011fl\u0131kl\u0131 Ya\u015fam ile ilgili ulusal\/uluslararas\u0131 projeler \u00fcretmek ve bu konuda \u00fcretilmi\u015f projelerde yer almak.<\/li>\n<\/ul>\n","protected":false},"excerpt":{"rendered":"<p>Kurulu\u015f amac\u0131 sag\u0306l\u0131kl\u0131 yas\u0327am konusunda fark\u0131ndal\u0131k yaratmak olan TATDHAYAT olarak spor, ku\u0308ltu\u0308rel ve eg\u0306itsel alanda c\u0327es\u0327itli faaliyetler du\u0308zenlemek ana amac\u0131m\u0131zd\u0131r. Di\u011fer ama\u00e7lar\u0131m\u0131z:&hellip;<\/p>\n","protected":false},"author":1,"featured_media":0,"parent":224,"menu_order":2,"comment_status":"closed","ping_status":"closed","template":"","meta":{"_acf_changed":false,"inline_featured_image":false,"_lmt_disableupdate":"","_lmt_disable":"","footnotes":""},"class_list":["post-227","page","type-page","status-publish","hentry"],"acf":[],"_links":{"self":[{"href":"https:\/\/tatd.org.tr\/tatdhayat\/wp-json\/wp\/v2\/pages\/227","targetHints":{"allow":["GET"]}}],"collection":[{"href":"https:\/\/tatd.org.tr\/tatdhayat\/wp-json\/wp\/v2\/pages"}],"about":[{"href":"https:\/\/tatd.org.tr\/tatdhayat\/wp-json\/wp\/v2\/types\/page"}],"author":[{"embeddable":true,"href":"https:\/\/tatd.org.tr\/tatdhayat\/wp-json\/wp\/v2\/users\/1"}],"replies":[{"embeddable":true,"href":"https:\/\/tatd.org.tr\/tatdhayat\/wp-json\/wp\/v2\/comments?post=227"}],"version-history":[{"count":0,"href":"https:\/\/tatd.org.tr\/tatdhayat\/wp-json\/wp\/v2\/pages\/227\/revisions"}],"up":[{"embeddable":true,"href":"https:\/\/tatd.org.tr\/tatdhayat\/wp-json\/wp\/v2\/pages\/224"}],"wp:attachment":[{"href":"https:\/\/tatd.org.tr\/tatdhayat\/wp-json\/wp\/v2\/media?parent=227"}],"curies":[{"name":"wp","href":"https:\/\/api.w.org\/{rel}","templated":true}]}}