{"id":60,"date":"2021-09-21T14:20:15","date_gmt":"2021-09-21T11:20:15","guid":{"rendered":"https:\/\/tatd.org.tr\/medya\/?page_id=60"},"modified":"2022-05-05T21:05:24","modified_gmt":"2022-05-05T18:05:24","slug":"belgeler_formlar","status":"publish","type":"page","link":"https:\/\/tatd.org.tr\/medya\/hakkimizda\/belgeler_formlar\/","title":{"rendered":"Belgeler ve Formlar"},"content":{"rendered":"<h4>Belgeler:<\/h4>\n<p><a class=\"btn btn-outline-primary fw-bold text-start\" href=\"https:\/\/tatd.org.tr\/medya\/wp-content\/uploads\/sites\/25\/2021\/10\/C\u0327G-Yo\u0308nergesi-v10.2-22.09.21.pdf\" target=\"_blank\" rel=\"noopener\"><i class=\"fas fa-file-pdf me-2\"><\/i>\u00c7al\u0131\u015fma Gruplar\u0131n\u0131n Faaliyetleri Uygulama Usul ve Esaslar\u0131 Y\u00f6nergesi v10 \u2013 25.01.21 (189,72 KB)<\/a><\/p>\n<p>&nbsp;<\/p>\n<h4>Formlar:<\/h4>\n<p><a class=\"btn btn-outline-primary fw-bold text-start\" href=\"https:\/\/tatd.org.tr\/medya\/wp-content\/uploads\/sites\/25\/2022\/05\/03a58208089de26c4c5ffbe44a71827d.pdf\" target=\"_blank\" rel=\"noopener\"><i class=\"fas fa-file-pdf me-2\"><\/i>TATD Web Sitesi Akademik I\u0307c\u0327erik Haz\u0131rlama Standartlar\u0131_v1 (3,20 MB)<\/a><\/p>\n<p><a class=\"btn btn-outline-primary fw-bold text-start\" href=\"https:\/\/tatd.org.tr\/medya\/wp-content\/uploads\/sites\/25\/2022\/05\/466be33f23e6737efb65eb8ccb397870.pdf\" target=\"_blank\" rel=\"noopener\"><i class=\"fas fa-file-pdf me-2\"><\/i>TATD Web Sitesi ve Sosyal Medya Hesaplar\u0131nda Dijital I\u0307c\u0327erik Paylas\u0327\u0131m Standartlar\u0131_V4 (7,24 MB)<\/a><\/p>\n<p><a class=\"btn btn-outline-primary fw-bold text-start\" href=\"https:\/\/tatd.org.tr\/medya\/wp-content\/uploads\/sites\/25\/2022\/05\/d7cfce796884d8ef2e1a9813dd7cc5e7.pdf\" target=\"_blank\" rel=\"noopener\"><i class=\"fas fa-file-pdf me-2\"><\/i>TATD T\u0131bbi Go\u0308ru\u0308ntu\u0308 ve Fotog\u0306raf ic\u0327in Bilgilendirme ve Onam Formu_V2 (2,91 MB)<\/a><\/p>\n","protected":false},"excerpt":{"rendered":"<p>Belgeler: \u00c7al\u0131\u015fma Gruplar\u0131n\u0131n Faaliyetleri Uygulama Usul ve Esaslar\u0131 Y\u00f6nergesi v10 \u2013 25.01.21 (189,72 KB) &nbsp; Formlar: TATD Web Sitesi Akademik I\u0307c\u0327erik Haz\u0131rlama&hellip;<\/p>\n","protected":false},"author":1,"featured_media":0,"parent":234,"menu_order":8,"comment_status":"closed","ping_status":"closed","template":"","meta":{"_acf_changed":false,"inline_featured_image":false,"_lmt_disableupdate":"","_lmt_disable":"","footnotes":""},"class_list":["post-60","page","type-page","status-publish","hentry"],"acf":[],"_links":{"self":[{"href":"https:\/\/tatd.org.tr\/medya\/wp-json\/wp\/v2\/pages\/60","targetHints":{"allow":["GET"]}}],"collection":[{"href":"https:\/\/tatd.org.tr\/medya\/wp-json\/wp\/v2\/pages"}],"about":[{"href":"https:\/\/tatd.org.tr\/medya\/wp-json\/wp\/v2\/types\/page"}],"author":[{"embeddable":true,"href":"https:\/\/tatd.org.tr\/medya\/wp-json\/wp\/v2\/users\/1"}],"replies":[{"embeddable":true,"href":"https:\/\/tatd.org.tr\/medya\/wp-json\/wp\/v2\/comments?post=60"}],"version-history":[{"count":0,"href":"https:\/\/tatd.org.tr\/medya\/wp-json\/wp\/v2\/pages\/60\/revisions"}],"up":[{"embeddable":true,"href":"https:\/\/tatd.org.tr\/medya\/wp-json\/wp\/v2\/pages\/234"}],"wp:attachment":[{"href":"https:\/\/tatd.org.tr\/medya\/wp-json\/wp\/v2\/media?parent=60"}],"curies":[{"name":"wp","href":"https:\/\/api.w.org\/{rel}","templated":true}]}}