{"id":227,"date":"2021-10-17T23:08:36","date_gmt":"2021-10-17T20:08:36","guid":{"rendered":"https:\/\/tatd.org.tr\/template\/?page_id=12"},"modified":"2021-11-21T15:01:26","modified_gmt":"2021-11-21T12:01:26","slug":"amac-ve-hedefler","status":"publish","type":"page","link":"https:\/\/tatd.org.tr\/kritik\/hakkimizda\/amac-ve-hedefler\/","title":{"rendered":"Ama\u00e7 ve Hedefler"},"content":{"rendered":"<h2><strong>Hedeflerimiz<\/strong><\/h2>\n<p><strong>Kritik Bak\u0131m\u00a0<\/strong>konusunda uluslararas\u0131 geli\u015fmeleri takip etmek, bilimsel \u00e7al\u0131\u015fmalar yapmak ve klinik uygulamalarda k\u0131lavuz olacak \u00e7a\u011fda\u015f algoritmler olu\u015fturmak,<br \/>\nYo\u011fun bak\u0131m, enfeksiyon, mikrobiyoloji, i\u00e7 hastal\u0131klar\u0131, kardiyoloji, nefroloji, g\u00f6\u011f\u00fcs hastal\u0131klar\u0131, genel cerrahi gibi konuyla ilgili disiplinleri temsil eden uzmanl\u0131k dernekleriyle liyezon komiteleri yoluyla ili\u015fki kurarak hastal\u0131kla ilgili \u00e7ok y\u00f6nl\u00fc bak\u0131\u015f\u0131n geli\u015ftirilmesi ve ortakla\u015fmas\u0131n\u0131 sa\u011flamak, kritik bak\u0131m alt ba\u015fl\u0131klar\u0131nda acil serviste uzla\u015f\u0131 raporu olu\u015fturmak, g\u00fcncel k\u0131lavuzlar \u0131\u015f\u0131\u011f\u0131nda kritik bak\u0131mtan\u0131 tedavi ve y\u00f6netimiyle ilgili toplant\u0131lar, kurslar, seminer ve sempozyumlar d\u00fczenlemek.<br \/>\nYurt d\u0131\u015f\u0131ndaki benzer ama\u00e7lar\u0131 olan dernek ve \u00e7al\u0131\u015fma gruplar\u0131yla ili\u015fkiler kurarak deneyim payla\u015f\u0131m\u0131 ger\u00e7ekle\u015ftirmek, ortak k\u0131lavuzlar, algoritmler olu\u015fturmak.<\/p>\n<p><strong>Kritik Bak\u0131m\u00a0<\/strong>kapsam\u0131nda alt ba\u015fl\u0131klar:<\/p>\n<ol>\n<li>\u0130leri ya\u015fam deste\u011fi<\/li>\n<li>\u0130leri travma ya\u015fam deste\u011fi<\/li>\n<li>Kardiyoserebral resusitasyon ve\u00a0kritik bak\u0131m, serebrovask\u00fcler olay y\u00f6netimi<\/li>\n<li>\u00c7ocuklarda kritik bak\u0131m<\/li>\n<li>Sepsis ve septik \u015fok<\/li>\n<li>Mekanik ventilasyon ve\u00a0kritik bak\u0131m<\/li>\n<li>Solunum yetmezli\u011fi ve kritik bak\u0131m\n<ol>\n<li>Akut\/kronik alt solunum yolu hst (pn\u00f6moni, KOAH, ast\u0131m vb.)<\/li>\n<li>ARDS<\/li>\n<li>NIV ve kritik bak\u0131m<\/li>\n<\/ol>\n<\/li>\n<li>Entoksikasyonlarda kritik bak\u0131m<\/li>\n<li>ABY, diyaliz, KCY, ve kritik bak\u0131m<\/li>\n<li>Endokrin, metabolizmahastal\u0131klar\u0131 ve kritik bak\u0131m<\/li>\n<li>G\u00f6r\u00fcnt\u00fcleme ve\u00a0kritik bak\u0131m (X-ray, USG, BT, MRG, Ekokardiyografi)\n<ol>\n<li>Giri\u015fimsel radyoloji ve\u00a0kritik bak\u0131m<\/li>\n<\/ol>\n<\/li>\n<li>Monit\u00f6rizasyonda yeni olanaklar<\/li>\n<li>Skorlama sistemleri ve\u00a0kritik bak\u0131m<\/li>\n<li>Kritik Bak\u0131m prosed\u00fcrleri<\/li>\n<li>S\u0131v\u0131-elektrolit bozukluklar\u0131 ve\u00a0kritik bak\u0131m<\/li>\n<li>\u015eok<\/li>\n<li>Kanamal\u0131 hasta ve\u00a0kritik bak\u0131m<\/li>\n<li>Kan transf\u00fczyonu, kan \u00fcr\u00fcnleri ve\u00a0kritik bak\u0131m<\/li>\n<li>Terap\u00f6tik hipotermi ve kritik bak\u0131m<\/li>\n<li>Kritik bak\u0131mda g\u00fcncel geli\u015fmeler ve literat\u00fcre yans\u0131mas\u0131\n<ol>\n<li>Tan\u0131sal geli\u015fmeler: laktat, prokalsitonin, d-dimer, BNP, troponin<\/li>\n<\/ol>\n<\/li>\n<li>Kritik bak\u0131m ve ila\u00e7 tedavileri\n<ol>\n<li>Antibiyotikler ve kritik bak\u0131m<\/li>\n<li>Kanama durdurucular (traneksamik asit, PCC) ve kritik bak\u0131m<\/li>\n<li>\u0130notroplar\/adrenerjikler ve\u00a0kritik bak\u0131m<\/li>\n<li>Antidotlar ve\u00a0kritik bak\u0131m<\/li>\n<li>Fibrinolitikler ve\u00a0kritik bak\u0131m<\/li>\n<li>Di\u011fer ya\u015fam kurtar\u0131c\u0131 ajanlar ve\u00a0kritik bak\u0131m<\/li>\n<\/ol>\n<\/li>\n<\/ol>\n<h2><strong>\u00c7al\u0131\u015fma Plan\u0131:<\/strong><\/h2>\n<p>1.\u00a0<strong>Kritik Bak\u0131mda\u00a0<\/strong>tan\u0131 ve tedaviyle ilgili g\u00fcncel bilgiyi toplay\u0131p k\u0131lavuz ve uzla\u015f\u0131 raporlar\u0131n\u0131 dernek olanaklar\u0131yla bro\u015f\u00fcr, kitap\u00e7\u0131k, web sitesi \u00fczerinden yay\u0131nlamak,<br \/>\n2.\u00a0<strong>Kritik Bak\u0131mda\u00a0<\/strong>g\u00fcncel geli\u015fmeleri geni\u015f hekim kitlesine ula\u015ft\u0131rmak i\u00e7in seminer, sempozyum, workshop gibi etkinlikler yapmak.<br \/>\n3.\u00a0<strong>Kritik Bak\u0131m\u00a0<\/strong>kapsam\u0131nda tan\u0131 ve tedavisiyle ilgili \u00e7ok merkezli bilimsel projeleri y\u00fcr\u00fctmek, yay\u0131nlar yapmak.<br \/>\n4.\u00a0<strong>Kritik Bak\u0131m\u00a0<\/strong>ile ilgili g\u00fcncel ak\u0131\u015f \u015femalar\u0131\/algoritmlerin payla\u015f\u0131l\u0131p tart\u0131\u015f\u0131laca\u011f\u0131 kurslar d\u00fczenlemek<br \/>\n5.\u00a0T\u00fcrkiye Acil T\u0131p Derne\u011fi web sayfas\u0131nda\u00a0<strong>Kritik Bak\u0131m\u00a0<\/strong>olgu havuzu olu\u015fturmak<br \/>\n6.\u00a0Multidisipliner yakla\u015f\u0131m\u0131n geli\u015ftirilmesi ve g\u00fcncel algoritmlerin payla\u015f\u0131lmas\u0131 i\u00e7in di\u011fer klinik dallarla ortak panel, kurs ve di\u011fer aktiviteleri y\u00fcr\u00fctmek.<\/p>\n","protected":false},"excerpt":{"rendered":"<p>Hedeflerimiz Kritik Bak\u0131m\u00a0konusunda uluslararas\u0131 geli\u015fmeleri takip etmek, bilimsel \u00e7al\u0131\u015fmalar yapmak ve klinik uygulamalarda k\u0131lavuz olacak \u00e7a\u011fda\u015f algoritmler olu\u015fturmak, Yo\u011fun bak\u0131m, enfeksiyon, mikrobiyoloji,&hellip;<\/p>\n","protected":false},"author":1561,"featured_media":0,"parent":224,"menu_order":2,"comment_status":"closed","ping_status":"closed","template":"","meta":{"_acf_changed":false,"inline_featured_image":false,"_lmt_disableupdate":"","_lmt_disable":"","footnotes":""},"class_list":["post-227","page","type-page","status-publish","hentry"],"acf":[],"_links":{"self":[{"href":"https:\/\/tatd.org.tr\/kritik\/wp-json\/wp\/v2\/pages\/227","targetHints":{"allow":["GET"]}}],"collection":[{"href":"https:\/\/tatd.org.tr\/kritik\/wp-json\/wp\/v2\/pages"}],"about":[{"href":"https:\/\/tatd.org.tr\/kritik\/wp-json\/wp\/v2\/types\/page"}],"author":[{"embeddable":true,"href":"https:\/\/tatd.org.tr\/kritik\/wp-json\/wp\/v2\/users\/1561"}],"replies":[{"embeddable":true,"href":"https:\/\/tatd.org.tr\/kritik\/wp-json\/wp\/v2\/comments?post=227"}],"version-history":[{"count":0,"href":"https:\/\/tatd.org.tr\/kritik\/wp-json\/wp\/v2\/pages\/227\/revisions"}],"up":[{"embeddable":true,"href":"https:\/\/tatd.org.tr\/kritik\/wp-json\/wp\/v2\/pages\/224"}],"wp:attachment":[{"href":"https:\/\/tatd.org.tr\/kritik\/wp-json\/wp\/v2\/media?parent=227"}],"curies":[{"name":"wp","href":"https:\/\/api.w.org\/{rel}","templated":true}]}}