{"id":243,"date":"2021-10-17T23:56:56","date_gmt":"2021-10-17T20:56:56","guid":{"rendered":"https:\/\/tatd.org.tr\/template\/?page_id=67"},"modified":"2024-12-06T11:31:54","modified_gmt":"2024-12-06T08:31:54","slug":"raporlar","status":"publish","type":"page","link":"https:\/\/tatd.org.tr\/hastaneoncesi\/hakkimizda\/belgeler\/raporlar\/","title":{"rendered":"Raporlar"},"content":{"rendered":"<div class=\"col-sm-12 col-md-8 col-lg-9 flex-fill\">\n<p>Komisyon taraf\u0131ndan haz\u0131rlanan rapor ve belgelere bu sayfada yer verilmektedir.<\/p>\n<div class=\"pcrstb-wrap\"><table style=\"border-collapse: collapse; width: 100%;\" border=\"1\">\n<tbody>\n<tr>\n<td style=\"width: 33.3333%;\"><strong>Rapor<\/strong><\/td>\n<td style=\"width: 33.3333%;\"><strong>Edit\u00f6r ve Yazarlar<\/strong><\/td>\n<td style=\"width: 33.3333%;\"><strong>Yay\u0131n Y\u0131l\u0131<\/strong><\/td>\n<\/tr>\n<tr>\n<td style=\"width: 33.3333%;\"><\/td>\n<td style=\"width: 33.3333%;\"><\/td>\n<td style=\"width: 33.3333%;\"><\/td>\n<\/tr>\n<\/tbody>\n<\/table><\/div>\n<\/div>\n<div class=\"col-sm-12 col-md-4 col-lg-3 sidebar\">\n<div id=\"widget-sidebar_relatives\" class=\"widget widget-sidebar_relatives col-sm-12 col-md-12 col-lg-12 flex-sm-fill flex-md-grow-0 py-3\">\n<div class=\"row\">\n<div class=\"col-sm-12 \">\n<div class=\"row flex-column \">\n<div><\/div>\n<\/div>\n<\/div>\n<\/div>\n<\/div>\n<\/div>\n","protected":false},"excerpt":{"rendered":"<p>Komisyon taraf\u0131ndan haz\u0131rlanan rapor ve belgelere bu sayfada yer verilmektedir. Rapor Edit\u00f6r ve Yazarlar Yay\u0131n Y\u0131l\u0131<\/p>\n","protected":false},"author":1561,"featured_media":0,"parent":232,"menu_order":4,"comment_status":"closed","ping_status":"closed","template":"","meta":{"_acf_changed":false,"inline_featured_image":false,"_lmt_disableupdate":"","_lmt_disable":"","footnotes":""},"class_list":["post-243","page","type-page","status-publish","hentry"],"acf":[],"_links":{"self":[{"href":"https:\/\/tatd.org.tr\/hastaneoncesi\/wp-json\/wp\/v2\/pages\/243","targetHints":{"allow":["GET"]}}],"collection":[{"href":"https:\/\/tatd.org.tr\/hastaneoncesi\/wp-json\/wp\/v2\/pages"}],"about":[{"href":"https:\/\/tatd.org.tr\/hastaneoncesi\/wp-json\/wp\/v2\/types\/page"}],"author":[{"embeddable":true,"href":"https:\/\/tatd.org.tr\/hastaneoncesi\/wp-json\/wp\/v2\/users\/1561"}],"replies":[{"embeddable":true,"href":"https:\/\/tatd.org.tr\/hastaneoncesi\/wp-json\/wp\/v2\/comments?post=243"}],"version-history":[{"count":0,"href":"https:\/\/tatd.org.tr\/hastaneoncesi\/wp-json\/wp\/v2\/pages\/243\/revisions"}],"up":[{"embeddable":true,"href":"https:\/\/tatd.org.tr\/hastaneoncesi\/wp-json\/wp\/v2\/pages\/232"}],"wp:attachment":[{"href":"https:\/\/tatd.org.tr\/hastaneoncesi\/wp-json\/wp\/v2\/media?parent=243"}],"curies":[{"name":"wp","href":"https:\/\/api.w.org\/{rel}","templated":true}]}}