{"id":227,"date":"2021-10-17T23:08:36","date_gmt":"2021-10-17T20:08:36","guid":{"rendered":"https:\/\/tatd.org.tr\/template\/?page_id=12"},"modified":"2021-11-21T14:46:14","modified_gmt":"2021-11-21T11:46:14","slug":"amac-ve-hedefler","status":"publish","type":"page","link":"https:\/\/tatd.org.tr\/dogatibbi\/hakkimizda\/amac-ve-hedefler\/","title":{"rendered":"Ama\u00e7 ve Hedefler"},"content":{"rendered":"<p>Her y\u0131l en az 2 e\u011fitim (biri yaz di\u011feri k\u0131\u015f faaliyetleri ile ilgili), ilk T\u00fcrk\u00e7e yaban t\u0131bb\u0131 ana kitab\u0131n\u0131n yay\u0131nlanmas\u0131 ve alan\u0131m\u0131z ile ilgili eksik bilimsel makalelerin derlenip yay\u0131nlanmas\u0131 \u00f6ncelikli ama\u00e7lar\u0131m\u0131zd\u0131r.<\/p>\n","protected":false},"excerpt":{"rendered":"<p>Her y\u0131l en az 2 e\u011fitim (biri yaz di\u011feri k\u0131\u015f faaliyetleri ile ilgili), ilk T\u00fcrk\u00e7e yaban t\u0131bb\u0131 ana kitab\u0131n\u0131n yay\u0131nlanmas\u0131 ve alan\u0131m\u0131z&hellip;<\/p>\n","protected":false},"author":1561,"featured_media":0,"parent":224,"menu_order":2,"comment_status":"closed","ping_status":"closed","template":"","meta":{"_acf_changed":false,"inline_featured_image":false,"_lmt_disableupdate":"","_lmt_disable":"","footnotes":""},"class_list":["post-227","page","type-page","status-publish","hentry"],"acf":[],"_links":{"self":[{"href":"https:\/\/tatd.org.tr\/dogatibbi\/wp-json\/wp\/v2\/pages\/227","targetHints":{"allow":["GET"]}}],"collection":[{"href":"https:\/\/tatd.org.tr\/dogatibbi\/wp-json\/wp\/v2\/pages"}],"about":[{"href":"https:\/\/tatd.org.tr\/dogatibbi\/wp-json\/wp\/v2\/types\/page"}],"author":[{"embeddable":true,"href":"https:\/\/tatd.org.tr\/dogatibbi\/wp-json\/wp\/v2\/users\/1561"}],"replies":[{"embeddable":true,"href":"https:\/\/tatd.org.tr\/dogatibbi\/wp-json\/wp\/v2\/comments?post=227"}],"version-history":[{"count":0,"href":"https:\/\/tatd.org.tr\/dogatibbi\/wp-json\/wp\/v2\/pages\/227\/revisions"}],"up":[{"embeddable":true,"href":"https:\/\/tatd.org.tr\/dogatibbi\/wp-json\/wp\/v2\/pages\/224"}],"wp:attachment":[{"href":"https:\/\/tatd.org.tr\/dogatibbi\/wp-json\/wp\/v2\/media?parent=227"}],"curies":[{"name":"wp","href":"https:\/\/api.w.org\/{rel}","templated":true}]}}