{"id":224,"date":"2021-10-17T23:04:20","date_gmt":"2021-10-17T20:04:20","guid":{"rendered":"https:\/\/tatd.org.tr\/template\/?page_id=5"},"modified":"2022-01-25T13:29:03","modified_gmt":"2022-01-25T10:29:03","slug":"hakkimizda","status":"publish","type":"page","link":"https:\/\/tatd.org.tr\/dogatibbi\/hakkimizda\/","title":{"rendered":"Hakk\u0131m\u0131zda"},"content":{"rendered":"<p>Do\u011fadaki enerji dolu etkinliklerin olas\u0131 yaralanma ve hastal\u0131klar\u0131yla u\u011fra\u015fan acil t\u0131p dal\u0131na do\u011fa t\u0131bb\u0131 (orjinal ad\u0131yla <em>Wilderness Medicine<\/em>) ad\u0131 verilmektedir. Yurtd\u0131\u015f\u0131nda kabul g\u00f6ren Do\u011fa T\u0131bb\u0131n\u0131 \u00fclkemize tan\u0131tmak, bu konuda fark\u0131ndal\u0131\u011f\u0131 artt\u0131rmak, ilgilenen TATD \u00fcyeleri ile bu alanda faaliyetler y\u00fcr\u00fctmek ama\u00e7lar\u0131yla 2020 y\u0131l\u0131nda<strong> TATD Do\u011fa T\u0131bb\u0131 \u00c7al\u0131\u015fma Grubu<\/strong> kurulmu\u015ftur.<\/p>\n<p>TATDO\u011eA \u00c7al\u0131\u015fma grubu; olas\u0131 bir yaralanma ya da hastal\u0131k durumuna, o an mevcut olan herhangi bir ya da k\u0131s\u0131tl\u0131 ekipmanla m\u00fcdahale edebilme yetisi kazand\u0131rmay\u0131 ve do\u011fa ko\u015fullar\u0131nda hayatta kalma becerilerini \u00f6\u011fretmeyi hedeflemektedir. TATDO\u011eA;\u00a0 \u0130mprovize(do\u011fa\u00e7lama) t\u0131p yakla\u015f\u0131m\u0131, K\u0131\u015f e\u011fitimi (Y\u00fcksek irtifa, \u00c7\u0131\u011f fark\u0131ndal\u0131\u011f\u0131, Karda bar\u0131nak yap\u0131m\u0131 vs.), Yaz e\u011fitimi (Do\u011fada hayatta kalma, S\u00fcr\u00fcngenler ve y\u0131rt\u0131c\u0131larla kar\u015f\u0131la\u015fma, Temel kamp\u00e7\u0131l\u0131k, S\u0131cak Acilleri vs.) ve Deniz Acilleri (Dal\u0131\u015f acilleri, Bo\u011fulma, Deniz canl\u0131lar\u0131 ile kar\u015f\u0131la\u015fma vs) konular\u0131nda teorik ve do\u011fada pratik e\u011fitimler yapm\u0131\u015f olup, kongre panelleri\u00a0 ve kurs workshoplar\u0131yla kat\u0131l\u0131mc\u0131lar\u0131na dopdolu i\u00e7eriklerle ula\u015fmaktad\u0131r.<\/p>\n<p><strong>TATD Do\u011fa T\u0131bb\u0131 \u00c7al\u0131\u015fma Grubu<\/strong>\u00a0i\u00e7erisinde \u00e7al\u0131\u015fmak ve etkinliklerde g\u00f6rev almak isteyen dernek \u00fcyelerimiz, TATD \u00fcye alan\u0131na \u015fifreleri ile giri\u015f yaparak \u201cHesab\u0131m\u201d k\u0131sm\u0131 \u201cG\u00f6revler\u201d sekmesinden \u00e7al\u0131\u015fmak istedikleri komisyon ve \u00e7al\u0131\u015fma gruplar\u0131n\u0131 se\u00e7mek suretiyle ilgili birimlerin Y\u00fcr\u00fctme Kurullar\u0131na taleplerini iletebilir ya da men\u00fcde yer alan ileti\u015fim sayfas\u0131ndaki bilgileri kullanarak kendilerine ula\u015fabilirler.<\/p>\n<p>&nbsp;<\/p>\n<p>&nbsp;<\/p>\n<p><img fetchpriority=\"high\" decoding=\"async\" class=\"alignnone size-medium wp-image-370\" src=\"https:\/\/tatd.org.tr\/dogatibbi\/wp-content\/uploads\/sites\/21\/2022\/01\/a08fdc95bef3a74c9a53e7f099ea747b-300x225.jpeg\" alt=\"\" width=\"300\" height=\"225\" data-wp-editing=\"1\" srcset=\"https:\/\/tatd.org.tr\/dogatibbi\/wp-content\/uploads\/sites\/21\/2022\/01\/a08fdc95bef3a74c9a53e7f099ea747b-300x225.jpeg 300w, https:\/\/tatd.org.tr\/dogatibbi\/wp-content\/uploads\/sites\/21\/2022\/01\/a08fdc95bef3a74c9a53e7f099ea747b-768x576.jpeg 768w, https:\/\/tatd.org.tr\/dogatibbi\/wp-content\/uploads\/sites\/21\/2022\/01\/a08fdc95bef3a74c9a53e7f099ea747b-840x630.jpeg 840w, https:\/\/tatd.org.tr\/dogatibbi\/wp-content\/uploads\/sites\/21\/2022\/01\/a08fdc95bef3a74c9a53e7f099ea747b.jpeg 1024w\" sizes=\"(max-width: 300px) 100vw, 300px\" \/><img decoding=\"async\" class=\"alignnone size-medium wp-image-371\" src=\"https:\/\/tatd.org.tr\/dogatibbi\/wp-content\/uploads\/sites\/21\/2022\/01\/a048dd2a5e91c9d39b123b5e7fa8ce27-225x300.jpeg\" alt=\"\" width=\"225\" height=\"300\" srcset=\"https:\/\/tatd.org.tr\/dogatibbi\/wp-content\/uploads\/sites\/21\/2022\/01\/a048dd2a5e91c9d39b123b5e7fa8ce27-225x300.jpeg 225w, https:\/\/tatd.org.tr\/dogatibbi\/wp-content\/uploads\/sites\/21\/2022\/01\/a048dd2a5e91c9d39b123b5e7fa8ce27-473x630.jpeg 473w, https:\/\/tatd.org.tr\/dogatibbi\/wp-content\/uploads\/sites\/21\/2022\/01\/a048dd2a5e91c9d39b123b5e7fa8ce27.jpeg 768w\" sizes=\"(max-width: 225px) 100vw, 225px\" \/><img decoding=\"async\" class=\"alignnone size-medium wp-image-372\" src=\"https:\/\/tatd.org.tr\/dogatibbi\/wp-content\/uploads\/sites\/21\/2022\/01\/7de45a22e93ef4cae0eb8638d043a1cc-300x225.jpeg\" alt=\"\" width=\"300\" height=\"225\" srcset=\"https:\/\/tatd.org.tr\/dogatibbi\/wp-content\/uploads\/sites\/21\/2022\/01\/7de45a22e93ef4cae0eb8638d043a1cc-300x225.jpeg 300w, https:\/\/tatd.org.tr\/dogatibbi\/wp-content\/uploads\/sites\/21\/2022\/01\/7de45a22e93ef4cae0eb8638d043a1cc-768x576.jpeg 768w, https:\/\/tatd.org.tr\/dogatibbi\/wp-content\/uploads\/sites\/21\/2022\/01\/7de45a22e93ef4cae0eb8638d043a1cc-840x630.jpeg 840w, https:\/\/tatd.org.tr\/dogatibbi\/wp-content\/uploads\/sites\/21\/2022\/01\/7de45a22e93ef4cae0eb8638d043a1cc.jpeg 1024w\" sizes=\"(max-width: 300px) 100vw, 300px\" \/><img loading=\"lazy\" decoding=\"async\" class=\"alignnone size-medium wp-image-367\" src=\"https:\/\/tatd.org.tr\/dogatibbi\/wp-content\/uploads\/sites\/21\/2022\/01\/17735b0e148548a88acec3e77dcaf04f-300x169.jpeg\" alt=\"\" width=\"300\" height=\"169\" data-wp-editing=\"1\" srcset=\"https:\/\/tatd.org.tr\/dogatibbi\/wp-content\/uploads\/sites\/21\/2022\/01\/17735b0e148548a88acec3e77dcaf04f-300x169.jpeg 300w, https:\/\/tatd.org.tr\/dogatibbi\/wp-content\/uploads\/sites\/21\/2022\/01\/17735b0e148548a88acec3e77dcaf04f-1024x576.jpeg 1024w, https:\/\/tatd.org.tr\/dogatibbi\/wp-content\/uploads\/sites\/21\/2022\/01\/17735b0e148548a88acec3e77dcaf04f-768x432.jpeg 768w, https:\/\/tatd.org.tr\/dogatibbi\/wp-content\/uploads\/sites\/21\/2022\/01\/17735b0e148548a88acec3e77dcaf04f-1120x630.jpeg 1120w, https:\/\/tatd.org.tr\/dogatibbi\/wp-content\/uploads\/sites\/21\/2022\/01\/17735b0e148548a88acec3e77dcaf04f.jpeg 1280w\" sizes=\"(max-width: 300px) 100vw, 300px\" \/><img loading=\"lazy\" decoding=\"async\" class=\"alignnone size-medium wp-image-368\" src=\"https:\/\/tatd.org.tr\/dogatibbi\/wp-content\/uploads\/sites\/21\/2022\/01\/ae20da3c67b6a90ac7803f535aee5b44-300x200.jpeg\" alt=\"\" width=\"300\" height=\"200\" srcset=\"https:\/\/tatd.org.tr\/dogatibbi\/wp-content\/uploads\/sites\/21\/2022\/01\/ae20da3c67b6a90ac7803f535aee5b44-300x200.jpeg 300w, https:\/\/tatd.org.tr\/dogatibbi\/wp-content\/uploads\/sites\/21\/2022\/01\/ae20da3c67b6a90ac7803f535aee5b44-1024x682.jpeg 1024w, https:\/\/tatd.org.tr\/dogatibbi\/wp-content\/uploads\/sites\/21\/2022\/01\/ae20da3c67b6a90ac7803f535aee5b44-768x512.jpeg 768w, https:\/\/tatd.org.tr\/dogatibbi\/wp-content\/uploads\/sites\/21\/2022\/01\/ae20da3c67b6a90ac7803f535aee5b44-945x630.jpeg 945w, https:\/\/tatd.org.tr\/dogatibbi\/wp-content\/uploads\/sites\/21\/2022\/01\/ae20da3c67b6a90ac7803f535aee5b44.jpeg 1280w\" sizes=\"(max-width: 300px) 100vw, 300px\" \/> <img loading=\"lazy\" decoding=\"async\" class=\"alignnone size-medium wp-image-369\" src=\"https:\/\/tatd.org.tr\/dogatibbi\/wp-content\/uploads\/sites\/21\/2022\/01\/c0655325643e71305b719ef3ec8305e2-300x225.jpeg\" alt=\"\" width=\"300\" height=\"225\" srcset=\"https:\/\/tatd.org.tr\/dogatibbi\/wp-content\/uploads\/sites\/21\/2022\/01\/c0655325643e71305b719ef3ec8305e2-300x225.jpeg 300w, https:\/\/tatd.org.tr\/dogatibbi\/wp-content\/uploads\/sites\/21\/2022\/01\/c0655325643e71305b719ef3ec8305e2-1024x768.jpeg 1024w, https:\/\/tatd.org.tr\/dogatibbi\/wp-content\/uploads\/sites\/21\/2022\/01\/c0655325643e71305b719ef3ec8305e2-768x576.jpeg 768w, https:\/\/tatd.org.tr\/dogatibbi\/wp-content\/uploads\/sites\/21\/2022\/01\/c0655325643e71305b719ef3ec8305e2-840x630.jpeg 840w, https:\/\/tatd.org.tr\/dogatibbi\/wp-content\/uploads\/sites\/21\/2022\/01\/c0655325643e71305b719ef3ec8305e2.jpeg 1280w\" sizes=\"(max-width: 300px) 100vw, 300px\" \/> \u00a0\u00a0<img loading=\"lazy\" decoding=\"async\" class=\"alignnone size-medium wp-image-373\" src=\"https:\/\/tatd.org.tr\/dogatibbi\/wp-content\/uploads\/sites\/21\/2022\/01\/f8cc467d4530fc91b6c81cbd2fcb7582-300x225.jpeg\" alt=\"\" width=\"300\" height=\"225\" srcset=\"https:\/\/tatd.org.tr\/dogatibbi\/wp-content\/uploads\/sites\/21\/2022\/01\/f8cc467d4530fc91b6c81cbd2fcb7582-300x225.jpeg 300w, https:\/\/tatd.org.tr\/dogatibbi\/wp-content\/uploads\/sites\/21\/2022\/01\/f8cc467d4530fc91b6c81cbd2fcb7582-1024x768.jpeg 1024w, https:\/\/tatd.org.tr\/dogatibbi\/wp-content\/uploads\/sites\/21\/2022\/01\/f8cc467d4530fc91b6c81cbd2fcb7582-768x576.jpeg 768w, https:\/\/tatd.org.tr\/dogatibbi\/wp-content\/uploads\/sites\/21\/2022\/01\/f8cc467d4530fc91b6c81cbd2fcb7582-840x630.jpeg 840w, https:\/\/tatd.org.tr\/dogatibbi\/wp-content\/uploads\/sites\/21\/2022\/01\/f8cc467d4530fc91b6c81cbd2fcb7582.jpeg 1280w\" sizes=\"(max-width: 300px) 100vw, 300px\" \/> <img loading=\"lazy\" decoding=\"async\" class=\"alignnone size-medium wp-image-374\" src=\"https:\/\/tatd.org.tr\/dogatibbi\/wp-content\/uploads\/sites\/21\/2022\/01\/36f6ffd5c80889a1f79bdd3958364fdf-300x225.jpeg\" alt=\"\" width=\"300\" height=\"225\" srcset=\"https:\/\/tatd.org.tr\/dogatibbi\/wp-content\/uploads\/sites\/21\/2022\/01\/36f6ffd5c80889a1f79bdd3958364fdf-300x225.jpeg 300w, https:\/\/tatd.org.tr\/dogatibbi\/wp-content\/uploads\/sites\/21\/2022\/01\/36f6ffd5c80889a1f79bdd3958364fdf-1024x766.jpeg 1024w, https:\/\/tatd.org.tr\/dogatibbi\/wp-content\/uploads\/sites\/21\/2022\/01\/36f6ffd5c80889a1f79bdd3958364fdf-768x575.jpeg 768w, https:\/\/tatd.org.tr\/dogatibbi\/wp-content\/uploads\/sites\/21\/2022\/01\/36f6ffd5c80889a1f79bdd3958364fdf-842x630.jpeg 842w, https:\/\/tatd.org.tr\/dogatibbi\/wp-content\/uploads\/sites\/21\/2022\/01\/36f6ffd5c80889a1f79bdd3958364fdf.jpeg 1280w\" sizes=\"(max-width: 300px) 100vw, 300px\" \/> <img loading=\"lazy\" decoding=\"async\" class=\"alignnone size-medium wp-image-375\" src=\"https:\/\/tatd.org.tr\/dogatibbi\/wp-content\/uploads\/sites\/21\/2022\/01\/afbbbcd9799212086537d0a1c9122c2c-300x200.jpeg\" alt=\"\" width=\"300\" height=\"200\" srcset=\"https:\/\/tatd.org.tr\/dogatibbi\/wp-content\/uploads\/sites\/21\/2022\/01\/afbbbcd9799212086537d0a1c9122c2c-300x200.jpeg 300w, https:\/\/tatd.org.tr\/dogatibbi\/wp-content\/uploads\/sites\/21\/2022\/01\/afbbbcd9799212086537d0a1c9122c2c-1024x682.jpeg 1024w, https:\/\/tatd.org.tr\/dogatibbi\/wp-content\/uploads\/sites\/21\/2022\/01\/afbbbcd9799212086537d0a1c9122c2c-768x512.jpeg 768w, https:\/\/tatd.org.tr\/dogatibbi\/wp-content\/uploads\/sites\/21\/2022\/01\/afbbbcd9799212086537d0a1c9122c2c-945x630.jpeg 945w, https:\/\/tatd.org.tr\/dogatibbi\/wp-content\/uploads\/sites\/21\/2022\/01\/afbbbcd9799212086537d0a1c9122c2c.jpeg 1280w\" sizes=\"(max-width: 300px) 100vw, 300px\" \/><img loading=\"lazy\" decoding=\"async\" class=\"alignnone size-medium wp-image-366\" src=\"https:\/\/tatd.org.tr\/dogatibbi\/wp-content\/uploads\/sites\/21\/2022\/01\/046f5eb5888d39241d833972bd297779-225x300.jpeg\" alt=\"\" width=\"225\" height=\"300\" srcset=\"https:\/\/tatd.org.tr\/dogatibbi\/wp-content\/uploads\/sites\/21\/2022\/01\/046f5eb5888d39241d833972bd297779-225x300.jpeg 225w, https:\/\/tatd.org.tr\/dogatibbi\/wp-content\/uploads\/sites\/21\/2022\/01\/046f5eb5888d39241d833972bd297779-768x1024.jpeg 768w, https:\/\/tatd.org.tr\/dogatibbi\/wp-content\/uploads\/sites\/21\/2022\/01\/046f5eb5888d39241d833972bd297779-473x630.jpeg 473w, https:\/\/tatd.org.tr\/dogatibbi\/wp-content\/uploads\/sites\/21\/2022\/01\/046f5eb5888d39241d833972bd297779.jpeg 960w\" sizes=\"(max-width: 225px) 100vw, 225px\" \/><\/p>\n","protected":false},"excerpt":{"rendered":"<p>Do\u011fadaki enerji dolu etkinliklerin olas\u0131 yaralanma ve hastal\u0131klar\u0131yla u\u011fra\u015fan acil t\u0131p dal\u0131na do\u011fa t\u0131bb\u0131 (orjinal ad\u0131yla Wilderness Medicine) ad\u0131 verilmektedir. Yurtd\u0131\u015f\u0131nda kabul&hellip;<\/p>\n","protected":false},"author":1561,"featured_media":0,"parent":0,"menu_order":0,"comment_status":"closed","ping_status":"closed","template":"","meta":{"_acf_changed":false,"inline_featured_image":false,"_lmt_disableupdate":"","_lmt_disable":"","footnotes":""},"class_list":["post-224","page","type-page","status-publish","hentry"],"acf":[],"_links":{"self":[{"href":"https:\/\/tatd.org.tr\/dogatibbi\/wp-json\/wp\/v2\/pages\/224","targetHints":{"allow":["GET"]}}],"collection":[{"href":"https:\/\/tatd.org.tr\/dogatibbi\/wp-json\/wp\/v2\/pages"}],"about":[{"href":"https:\/\/tatd.org.tr\/dogatibbi\/wp-json\/wp\/v2\/types\/page"}],"author":[{"embeddable":true,"href":"https:\/\/tatd.org.tr\/dogatibbi\/wp-json\/wp\/v2\/users\/1561"}],"replies":[{"embeddable":true,"href":"https:\/\/tatd.org.tr\/dogatibbi\/wp-json\/wp\/v2\/comments?post=224"}],"version-history":[{"count":0,"href":"https:\/\/tatd.org.tr\/dogatibbi\/wp-json\/wp\/v2\/pages\/224\/revisions"}],"wp:attachment":[{"href":"https:\/\/tatd.org.tr\/dogatibbi\/wp-json\/wp\/v2\/media?parent=224"}],"curies":[{"name":"wp","href":"https:\/\/api.w.org\/{rel}","templated":true}]}}