{"id":1642,"date":"2026-03-18T06:26:50","date_gmt":"2026-03-18T03:26:50","guid":{"rendered":"https:\/\/tatd.org.tr\/cocuk\/?page_id=1642"},"modified":"2026-03-18T13:19:05","modified_gmt":"2026-03-18T10:19:05","slug":"etkinliklerimiz-2","status":"publish","type":"page","link":"https:\/\/tatd.org.tr\/cocuk\/etkinliklerimiz-2\/","title":{"rendered":"Etkinliklerimiz"},"content":{"rendered":"\n<p>Webinar ve e\u011fitim sunumlar\u0131m\u0131z\u0131n kay\u0131tlar\u0131na sekmelerden ula\u015fabilirsiniz.<\/p>\n","protected":false},"excerpt":{"rendered":"<p>Webinar ve e\u011fitim sunumlar\u0131m\u0131z\u0131n kay\u0131tlar\u0131na sekmelerden ula\u015fabilirsiniz.<\/p>\n","protected":false},"author":162,"featured_media":0,"parent":0,"menu_order":0,"comment_status":"closed","ping_status":"closed","template":"","meta":{"_acf_changed":false,"inline_featured_image":false,"_lmt_disableupdate":"","_lmt_disable":"","footnotes":""},"class_list":["post-1642","page","type-page","status-publish","hentry"],"acf":[],"_links":{"self":[{"href":"https:\/\/tatd.org.tr\/cocuk\/wp-json\/wp\/v2\/pages\/1642","targetHints":{"allow":["GET"]}}],"collection":[{"href":"https:\/\/tatd.org.tr\/cocuk\/wp-json\/wp\/v2\/pages"}],"about":[{"href":"https:\/\/tatd.org.tr\/cocuk\/wp-json\/wp\/v2\/types\/page"}],"author":[{"embeddable":true,"href":"https:\/\/tatd.org.tr\/cocuk\/wp-json\/wp\/v2\/users\/162"}],"replies":[{"embeddable":true,"href":"https:\/\/tatd.org.tr\/cocuk\/wp-json\/wp\/v2\/comments?post=1642"}],"version-history":[{"count":0,"href":"https:\/\/tatd.org.tr\/cocuk\/wp-json\/wp\/v2\/pages\/1642\/revisions"}],"wp:attachment":[{"href":"https:\/\/tatd.org.tr\/cocuk\/wp-json\/wp\/v2\/media?parent=1642"}],"curies":[{"name":"wp","href":"https:\/\/api.w.org\/{rel}","templated":true}]}}