{"id":1028,"date":"2021-10-05T21:51:19","date_gmt":"2021-10-05T18:51:19","guid":{"rendered":"https:\/\/tatd.org.tr\/atak\/?page_id=1028"},"modified":"2021-11-21T19:48:31","modified_gmt":"2021-11-21T16:48:31","slug":"tamamlanan-kurslarimiz","status":"publish","type":"page","link":"https:\/\/tatd.org.tr\/atak\/etkinliklerimiz\/kurslarimiz\/tamamlanan-kurslarimiz\/","title":{"rendered":"Tamamlanan Kurslar\u0131m\u0131z"},"content":{"rendered":"<div class=\"pcrstb-wrap\"><table>\n<tbody>\n<tr>\n<td colspan=\"5\" width=\"933\">\n<h5><strong>Online \u0130statistik Kamp\u0131<\/strong><\/h5>\n<\/td>\n<\/tr>\n<tr>\n<td width=\"198\">Kurs<\/td>\n<td width=\"236\">Koordinat\u00f6r<\/td>\n<td width=\"236\">Tarih<\/td>\n<td colspan=\"2\" width=\"262\">Yeri<\/td>\n<\/tr>\n<tr>\n<td width=\"198\">Online \u0130K # 3<\/td>\n<td width=\"236\">Do\u00e7. Dr. G\u00f6khan Aksel<\/td>\n<td colspan=\"2\" width=\"237\">1-28 Nisan 2021<\/td>\n<td width=\"262\">Online<\/td>\n<\/tr>\n<tr>\n<td width=\"198\">Online \u0130K # 2<\/td>\n<td width=\"236\">Do\u00e7. Dr. G\u00f6khan Aksel<\/td>\n<td colspan=\"2\" width=\"237\">1-13 \u015eubat 2021<\/td>\n<td width=\"262\">Online<\/td>\n<\/tr>\n<tr>\n<td width=\"198\">Online \u0130K # 1<\/td>\n<td width=\"236\">Do\u00e7. Dr. G\u00f6khan Aksel<\/td>\n<td colspan=\"2\" width=\"237\">1-17 Ocak 2021<\/td>\n<td width=\"262\">Online<\/td>\n<\/tr>\n<\/tbody>\n<\/table><\/div>\n<p>&nbsp;<\/p>\n<div class=\"pcrstb-wrap\"><table>\n<tbody>\n<tr>\n<td colspan=\"5\" width=\"933\">\n<h5><strong>Klinisyenler i\u00e7in \u0130statistik -1 Kurslar\u0131<\/strong><\/h5>\n<\/td>\n<\/tr>\n<tr>\n<td width=\"198\">Kurs<\/td>\n<td width=\"236\">Koordinat\u00f6r<\/td>\n<td width=\"236\">Tarih<\/td>\n<td colspan=\"2\" width=\"262\">Yeri<\/td>\n<\/tr>\n<tr>\n<td width=\"198\">T\u0130K-1 # 9<\/td>\n<td width=\"236\">Prof. Dr. Murat Pekdemir<\/td>\n<td width=\"236\">14-15 Aral\u0131k 2019<\/td>\n<td colspan=\"2\" width=\"262\">Ankara<\/td>\n<\/tr>\n<tr>\n<td width=\"198\">T\u0130K-1 # 8<\/td>\n<td width=\"236\">Prof. Dr. Murat Pekdemir<\/td>\n<td width=\"236\">26-27 Ekim 2019<\/td>\n<td colspan=\"2\" width=\"262\">Trabzon<\/td>\n<\/tr>\n<tr>\n<td width=\"198\">T\u0130K-1 # 7<\/td>\n<td width=\"236\">Prof. Dr. Murat Pekdemir<\/td>\n<td width=\"236\">9-10 Mart 2019<\/td>\n<td colspan=\"2\" width=\"262\">\u0130stanbul<\/td>\n<\/tr>\n<tr>\n<td width=\"198\">T\u0130K-1 # 6<\/td>\n<td width=\"236\">Prof. Dr. Murat Pekdemir<\/td>\n<td width=\"236\">12-13 Aral\u0131k 2018<\/td>\n<td colspan=\"2\" width=\"262\">\u0130zmir<\/td>\n<\/tr>\n<tr>\n<td width=\"198\">T\u0130K-1 # 5<\/td>\n<td width=\"236\">Prof. Dr. Murat Pekdemir<\/td>\n<td colspan=\"2\" width=\"237\">28-29 Nisan 2018<\/td>\n<td width=\"262\">\u0130stanbul<\/td>\n<\/tr>\n<tr>\n<td width=\"198\">T\u0130K-1 # 4<\/td>\n<td width=\"236\">Prof. Dr. Murat Pekdemir<\/td>\n<td colspan=\"2\" width=\"237\">24-25 May\u0131s 2016<\/td>\n<td width=\"262\">Trabzon<\/td>\n<\/tr>\n<tr>\n<td width=\"198\">T\u0130K-1 # 3<\/td>\n<td width=\"236\">Prof. Dr. Murat Pekdemir<\/td>\n<td colspan=\"2\" width=\"237\">28-29 Nisan 2016<\/td>\n<td width=\"262\">\u0130zmir<\/td>\n<\/tr>\n<tr>\n<td width=\"198\">T\u0130K-1 # 2<\/td>\n<td width=\"236\">Prof. Dr. Murat Pekdemir<\/td>\n<td colspan=\"2\" width=\"237\">3-4 Mart 2016<\/td>\n<td width=\"262\">\u0130stanbul<\/td>\n<\/tr>\n<tr>\n<td width=\"198\">T\u0130K-1 # 1<\/td>\n<td width=\"236\">Prof. Dr. Murat Pekdemir<\/td>\n<td colspan=\"2\" width=\"237\">20-21 Kas\u0131m 2015<\/td>\n<td width=\"262\">Ankara<\/td>\n<\/tr>\n<\/tbody>\n<\/table><\/div>\n<p>&nbsp;<\/p>\n<div class=\"pcrstb-wrap\"><table>\n<tbody>\n<tr>\n<td colspan=\"5\" width=\"933\">\n<h5><strong>Klinisyenler i\u00e7in \u0130statistik -2 Kurslar\u0131<\/strong><\/h5>\n<\/td>\n<\/tr>\n<tr>\n<td width=\"198\">Kurs<\/td>\n<td width=\"236\">Koordinat\u00f6r<\/td>\n<td width=\"236\">Tarih<\/td>\n<td colspan=\"2\" width=\"262\">Yeri<\/td>\n<\/tr>\n<tr>\n<td width=\"198\">T\u0130K-2 # 3<\/td>\n<td width=\"236\">Prof. Dr. Murat Pekdemir<\/td>\n<td colspan=\"2\" width=\"237\">8-9 \u015eubat 2020<\/td>\n<td width=\"262\">\u0130stanbul<\/td>\n<\/tr>\n<tr>\n<td width=\"198\">T\u0130K-2 # 2<\/td>\n<td width=\"236\">Prof. Dr. Murat Pekdemir<\/td>\n<td colspan=\"2\" width=\"237\">4-5 May\u0131s 2019<\/td>\n<td width=\"262\">\u0130stanbul<\/td>\n<\/tr>\n<tr>\n<td width=\"198\">T\u0130K-2 # 1<\/td>\n<td width=\"236\">Prof. Dr. Murat Pekdemir<\/td>\n<td colspan=\"2\" width=\"237\">13-14 Ekim 2018<\/td>\n<td width=\"262\">Ankara<\/td>\n<\/tr>\n<\/tbody>\n<\/table><\/div>\n<p>&nbsp;<\/p>\n<div class=\"pcrstb-wrap\"><table>\n<tbody>\n<tr>\n<td colspan=\"4\" width=\"933\">\n<h5><strong>Klinisyenler i\u00e7in Makale Yazma Kursu<\/strong><\/h5>\n<\/td>\n<\/tr>\n<tr>\n<td width=\"198\">Kurs<\/td>\n<td width=\"236\">Koordinat\u00f6r<\/td>\n<td width=\"236\">Tarih<\/td>\n<td width=\"262\">Yeri<\/td>\n<\/tr>\n<tr>\n<td width=\"198\">MY # 1<\/td>\n<td width=\"236\">Do\u00e7. Dr. \u015eeref Kerem \u00c7orbac\u0131o\u011flu<\/p>\n<p>Do\u00e7. Dr. G\u00f6khan Aksel<\/td>\n<td width=\"236\">4-5 Ocak 2020<\/td>\n<td width=\"262\">Ankara<\/td>\n<\/tr>\n<\/tbody>\n<\/table><\/div>\n<p>&nbsp;<\/p>\n<div class=\"pcrstb-wrap\"><table>\n<tbody>\n<tr>\n<td colspan=\"5\" width=\"933\">\n<h5><strong>Klinisyenler i\u00e7in Ara\u015ft\u0131rma Planlama Kursu<\/strong><\/h5>\n<\/td>\n<\/tr>\n<tr>\n<td width=\"198\">Kurs<\/td>\n<td width=\"236\">Koordinat\u00f6r<\/td>\n<td width=\"236\">Tarih<\/td>\n<td colspan=\"2\" width=\"262\">Yeri<\/td>\n<\/tr>\n<tr>\n<td width=\"198\">APK # 2<\/td>\n<td width=\"236\">Prof. Dr. Orhan \u00c7\u0131nar<\/td>\n<td colspan=\"2\" width=\"237\">28-29 Eyl\u00fcl 2019<\/td>\n<td width=\"262\">\u0130zmir<\/td>\n<\/tr>\n<tr>\n<td width=\"198\">APK # 1<\/td>\n<td width=\"236\">Prof. Dr. Orhan \u00c7\u0131nar<\/td>\n<td colspan=\"2\" width=\"237\">13-14 Nisan 2019<\/td>\n<td width=\"262\">Ankara<\/td>\n<\/tr>\n<\/tbody>\n<\/table><\/div>\n<p>&nbsp;<\/p>\n<div class=\"pcrstb-wrap\"><table>\n<tbody>\n<tr>\n<td colspan=\"4\" width=\"933\">\n<h5><strong>\u00d6l\u00e7me De\u011ferlendirme Kursu<\/strong><\/h5>\n<\/td>\n<\/tr>\n<tr>\n<td width=\"198\">Kurs<\/td>\n<td width=\"236\">Koordinat\u00f6r<\/td>\n<td width=\"236\">Tarih<\/td>\n<td width=\"262\">Yeri<\/td>\n<\/tr>\n<tr>\n<td width=\"198\">\u00d6D # 3<\/td>\n<td width=\"236\">Prof. Dr. Cem Oktay<\/td>\n<td width=\"236\">4-5 Haziran 2015<\/td>\n<td width=\"262\">\u0130stanbul<\/td>\n<\/tr>\n<tr>\n<td width=\"198\">\u00d6D # 2<\/td>\n<td width=\"236\">Prof. Dr. Cem Oktay<\/td>\n<td width=\"236\">19-21 \u015eubat 2015<\/td>\n<td width=\"262\">\u0130zmir<\/td>\n<\/tr>\n<tr>\n<td width=\"198\">\u00d6D # 1<\/td>\n<td width=\"236\">Prof. Dr. Cem Oktay<\/td>\n<td width=\"236\">4-6 Eyl\u00fcl 2014<\/td>\n<td width=\"262\">Antalya<\/td>\n<\/tr>\n<\/tbody>\n<\/table><\/div>\n<p>&nbsp;<\/p>\n","protected":false},"excerpt":{"rendered":"<p>Online \u0130statistik Kamp\u0131 Kurs Koordinat\u00f6r Tarih Yeri Online \u0130K # 3 Do\u00e7. Dr. G\u00f6khan Aksel 1-28 Nisan 2021 Online Online \u0130K #&hellip;<\/p>\n","protected":false},"author":1561,"featured_media":0,"parent":374,"menu_order":20,"comment_status":"closed","ping_status":"closed","template":"","meta":{"_acf_changed":false,"inline_featured_image":false,"_lmt_disableupdate":"","_lmt_disable":"","footnotes":""},"class_list":["post-1028","page","type-page","status-publish","hentry"],"acf":[],"_links":{"self":[{"href":"https:\/\/tatd.org.tr\/atak\/wp-json\/wp\/v2\/pages\/1028","targetHints":{"allow":["GET"]}}],"collection":[{"href":"https:\/\/tatd.org.tr\/atak\/wp-json\/wp\/v2\/pages"}],"about":[{"href":"https:\/\/tatd.org.tr\/atak\/wp-json\/wp\/v2\/types\/page"}],"author":[{"embeddable":true,"href":"https:\/\/tatd.org.tr\/atak\/wp-json\/wp\/v2\/users\/1561"}],"replies":[{"embeddable":true,"href":"https:\/\/tatd.org.tr\/atak\/wp-json\/wp\/v2\/comments?post=1028"}],"version-history":[{"count":0,"href":"https:\/\/tatd.org.tr\/atak\/wp-json\/wp\/v2\/pages\/1028\/revisions"}],"up":[{"embeddable":true,"href":"https:\/\/tatd.org.tr\/atak\/wp-json\/wp\/v2\/pages\/374"}],"wp:attachment":[{"href":"https:\/\/tatd.org.tr\/atak\/wp-json\/wp\/v2\/media?parent=1028"}],"curies":[{"name":"wp","href":"https:\/\/api.w.org\/{rel}","templated":true}]}}