{"id":2446,"date":"2021-09-21T09:10:00","date_gmt":"2021-09-21T06:10:00","guid":{"rendered":"https:\/\/tatd.org.tr\/atab\/?page_id=36"},"modified":"2021-09-21T09:10:00","modified_gmt":"2021-09-21T06:10:00","slug":"amac-hedef","status":"publish","type":"page","link":"https:\/\/tatd.org.tr\/atab\/hakkimizda\/amac-hedef\/","title":{"rendered":"Ama\u00e7 ve Hedefler"},"content":{"rendered":"<ul>\n<li>\u00dclkemizde acil sa\u011fl\u0131k hizmetlerinin d\u00fczeyini y\u00fckseltecek nitelikli acil t\u0131p uzmanlar\u0131n\u0131n yeti\u015fmesini sa\u011flamak.<\/li>\n<li>Acil t\u0131p Uzmanl\u0131k e\u011fitimi alan hekimlerin e\u011fitimlerini ve geli\u015fmesini destekleyerek \u00fclkemizdeki acil sa\u011fl\u0131k hizmetlerinin kalitesini y\u00fckseltmek.<\/li>\n<li>Acil T\u0131p Uzmanl\u0131k e\u011fitiminin standartlar\u0131n\u0131 ve kalitesini belirleyerek di\u011fer \u00fclkelerdeki acil t\u0131p uzmanl\u0131k programlar\u0131 i\u00e7in \u00f6nder ve \u00f6rnek olmak.<\/li>\n<\/ul>\n","protected":false},"excerpt":{"rendered":"<p>\u00dclkemizde acil sa\u011fl\u0131k hizmetlerinin d\u00fczeyini y\u00fckseltecek nitelikli acil t\u0131p uzmanlar\u0131n\u0131n yeti\u015fmesini sa\u011flamak. Acil t\u0131p Uzmanl\u0131k e\u011fitimi alan hekimlerin e\u011fitimlerini ve geli\u015fmesini destekleyerek&hellip;<\/p>\n","protected":false},"author":1599,"featured_media":0,"parent":2443,"menu_order":2,"comment_status":"closed","ping_status":"closed","template":"","meta":{"_acf_changed":false,"inline_featured_image":false,"_lmt_disableupdate":"","_lmt_disable":"","footnotes":""},"class_list":["post-2446","page","type-page","status-publish","hentry"],"acf":[],"_links":{"self":[{"href":"https:\/\/tatd.org.tr\/atab\/wp-json\/wp\/v2\/pages\/2446","targetHints":{"allow":["GET"]}}],"collection":[{"href":"https:\/\/tatd.org.tr\/atab\/wp-json\/wp\/v2\/pages"}],"about":[{"href":"https:\/\/tatd.org.tr\/atab\/wp-json\/wp\/v2\/types\/page"}],"author":[{"embeddable":true,"href":"https:\/\/tatd.org.tr\/atab\/wp-json\/wp\/v2\/users\/1599"}],"replies":[{"embeddable":true,"href":"https:\/\/tatd.org.tr\/atab\/wp-json\/wp\/v2\/comments?post=2446"}],"version-history":[{"count":0,"href":"https:\/\/tatd.org.tr\/atab\/wp-json\/wp\/v2\/pages\/2446\/revisions"}],"up":[{"embeddable":true,"href":"https:\/\/tatd.org.tr\/atab\/wp-json\/wp\/v2\/pages\/2443"}],"wp:attachment":[{"href":"https:\/\/tatd.org.tr\/atab\/wp-json\/wp\/v2\/media?parent=2446"}],"curies":[{"name":"wp","href":"https:\/\/api.w.org\/{rel}","templated":true}]}}