{"id":1603,"date":"2024-07-20T20:19:02","date_gmt":"2024-07-20T17:19:02","guid":{"rendered":"https:\/\/tatd.org.tr\/arastirma\/?page_id=1603"},"modified":"2024-07-23T12:11:15","modified_gmt":"2024-07-23T09:11:15","slug":"klinik-uygulama-rehberleri","status":"publish","type":"page","link":"https:\/\/tatd.org.tr\/arastirma\/klinik-uygulama-rehberleri\/","title":{"rendered":"Klinik Uygulama Rehberleri"},"content":{"rendered":"\t\t<div data-elementor-type=\"wp-page\" data-elementor-id=\"1603\" class=\"elementor elementor-1603\" data-elementor-post-type=\"page\">\n\t\t\t\t<div class=\"elementor-element elementor-element-626788e e-flex e-con-boxed e-con e-parent\" data-id=\"626788e\" data-element_type=\"container\" data-e-type=\"container\">\n\t\t\t\t\t<div class=\"e-con-inner\">\n\t\t<div class=\"elementor-element elementor-element-d73dd0f e-con-full e-flex e-con e-child\" data-id=\"d73dd0f\" data-element_type=\"container\" data-e-type=\"container\">\n\t\t\t\t<div class=\"elementor-element elementor-element-b37e2f7 elementor-widget__width-initial elementor-widget elementor-widget-image\" data-id=\"b37e2f7\" data-element_type=\"widget\" data-e-type=\"widget\" data-widget_type=\"image.default\">\n\t\t\t\t<div class=\"elementor-widget-container\">\n\t\t\t\t\t\t\t\t\t\t\t\t\t\t\t<img fetchpriority=\"high\" decoding=\"async\" width=\"1024\" height=\"682\" src=\"https:\/\/tatd.org.tr\/arastirma\/wp-content\/uploads\/sites\/23\/2024\/07\/yol-1024x682.jpeg\" class=\"attachment-large size-large wp-image-1604\" alt=\"\" srcset=\"https:\/\/tatd.org.tr\/arastirma\/wp-content\/uploads\/sites\/23\/2024\/07\/yol-1024x682.jpeg 1024w, https:\/\/tatd.org.tr\/arastirma\/wp-content\/uploads\/sites\/23\/2024\/07\/yol-300x200.jpeg 300w, https:\/\/tatd.org.tr\/arastirma\/wp-content\/uploads\/sites\/23\/2024\/07\/yol-768x512.jpeg 768w, https:\/\/tatd.org.tr\/arastirma\/wp-content\/uploads\/sites\/23\/2024\/07\/yol-100x67.jpeg 100w, https:\/\/tatd.org.tr\/arastirma\/wp-content\/uploads\/sites\/23\/2024\/07\/yol-1536x1024.jpeg 1536w, https:\/\/tatd.org.tr\/arastirma\/wp-content\/uploads\/sites\/23\/2024\/07\/yol-1920x1280.jpeg 1920w, https:\/\/tatd.org.tr\/arastirma\/wp-content\/uploads\/sites\/23\/2024\/07\/yol-1170x780.jpeg 1170w, https:\/\/tatd.org.tr\/arastirma\/wp-content\/uploads\/sites\/23\/2024\/07\/yol-585x390.jpeg 585w, https:\/\/tatd.org.tr\/arastirma\/wp-content\/uploads\/sites\/23\/2024\/07\/yol-263x175.jpeg 263w, https:\/\/tatd.org.tr\/arastirma\/wp-content\/uploads\/sites\/23\/2024\/07\/yol.jpeg 2000w\" sizes=\"(max-width: 1024px) 100vw, 1024px\" \/>\t\t\t\t\t\t\t\t\t\t\t\t\t\t\t<\/div>\n\t\t\t\t<\/div>\n\t\t\t\t<\/div>\n\t\t<div class=\"elementor-element elementor-element-6041bfa e-con-full e-flex e-con e-child\" data-id=\"6041bfa\" data-element_type=\"container\" data-e-type=\"container\">\n\t\t\t\t<div class=\"elementor-element elementor-element-51a0e4b elementor-widget elementor-widget-penci-small-list\" data-id=\"51a0e4b\" data-element_type=\"widget\" data-e-type=\"widget\" data-widget_type=\"penci-small-list.default\">\n\t\t\t\t<div class=\"elementor-widget-container\">\n\t\t\t\t\t<script>if( typeof(penciBlock) === \"undefined\" ) {function penciBlock() { this.atts_json = ''; this.content = ''; }}var penciBlocksArray = penciBlocksArray || [];var PENCILOCALCACHE = PENCILOCALCACHE || {};var pcblock_1937 = new penciBlock();pcblock_1937.blockID=\"pcblock_1937\";pcblock_1937.atts_json = '{\"type\":\"grid\",\"dformat\":\"\",\"date_pos\":\"left\",\"column\":\"1\",\"tab_column\":\"\",\"mb_column\":\"\",\"imgpos\":\"left\",\"thumb_size\":\"\",\"mthumb_size\":\"\",\"post_meta\":[\"title\",\"date\"],\"primary_cat\":\"\",\"title_length\":\"\",\"excerpt_pos\":\"below\",\"rmstyle\":\"filled\",\"excerpt_length\":15,\"nocrop\":\"\",\"hide_cat_mobile\":\"\",\"hide_meta_mobile\":\"\",\"hide_excerpt_mobile\":\"\",\"hide_rm_mobile\":\"\",\"imgtop_mobile\":\"\",\"ver_border\":\"\",\"hide_thumb\":\"\",\"show_reviewpie\":\"\",\"show_formaticon\":\"\",\"disable_lazy\":\"\",\"show_excerpt\":\"\",\"show_readmore\":\"\",\"query\":{\"orderby\":\"date\",\"order\":\"desc\",\"ignore_sticky_posts\":1,\"post_status\":\"publish\",\"post__not_in\":[],\"post_type\":\"post\",\"posts_per_page\":6,\"tax_query\":[{\"taxonomy\":\"category\",\"field\":\"term_id\",\"terms\":[\"10019\"]}]},\"category_ids\":\"\",\"taxonomy\":\"\"}';penciBlocksArray.push(pcblock_1937);<\/script>        <div class=\"penci-wrapper-smalllist\">\n\t\t\t\t\t\t            <div class=\"penci-smalllist-wrapper\">\n\t\t\t\t                    <div class=\"penci-smalllist pcsl-wrapper pwsl-id-default\">\n                        <div class=\"pcsl-inner penci-clearfix pcsl-grid pcsl-imgpos-left pcsl-col-1 pcsl-tabcol-2 pcsl-mobcol-1\">\n\t\t\t\t\t\t\t\t\t\t\t\t\t\t\t\t\t\t\t\t\t\t\t\t                                    <div class=\"pcsl-item\">\n                                        <div class=\"pcsl-itemin\">\n                                            <div class=\"pcsl-iteminer\">\n\t\t\t\t\t\t\t\t\t\t\t\t\n\t\t\t\t\t\t\t\t\t\t\t\t                                                    <div class=\"pcsl-thumb\">\n\t\t\t\t\t\t\t\t\t\t\t\t\t\t\t\t\t\t\t\t\t\t\t\t\t\t\t\t                                                            <a  data-bgset=\"https:\/\/tatd.org.tr\/arastirma\/wp-content\/uploads\/sites\/23\/2026\/01\/metanoll-263x175.png\" href=\"https:\/\/tatd.org.tr\/arastirma\/2026\/01\/16\/metil-alkol-zehirlenmesine-yaklasim-uygulama-rehberi-pico-soru-onerilerinizi-bekliyoruz\/\"\n                                                               title=\"Metil Alkol Zehirlenmesine Yakla\u015f\u0131m Uygulama Rehberi: PICO Soru \u00d6nerilerinizi Bekliyoruz!\"\n                                                               class=\"penci-lazy penci-image-holder\">\n\t                                                                                                                        <\/a>\n\n                                                    <\/div>\n\t\t\t\t\t\t\t\t\t\t\t\t                                                <div class=\"pcsl-content\">\n\t\t\t\t\t\t\t\t\t\t\t\t\t\n\t\t\t\t\t\t\t\t\t\t\t\t\t                                                        <div class=\"pcsl-title\">\n                                                            <a href=\"https:\/\/tatd.org.tr\/arastirma\/2026\/01\/16\/metil-alkol-zehirlenmesine-yaklasim-uygulama-rehberi-pico-soru-onerilerinizi-bekliyoruz\/\">Metil Alkol Zehirlenmesine Yakla\u015f\u0131m Uygulama Rehberi: PICO Soru \u00d6nerilerinizi Bekliyoruz!<\/a>\n                                                        <\/div>\n\t\t\t\t\t\t\t\t\t\t\t\t\t\n\t\t\t\t\t\t\t\t\t\t\t\t\t                                                        <div class=\"grid-post-box-meta pcsl-meta\">\n\t\t\t\t\t\t\t\t\t\t\t\t\t\t\t\t\t\t\t\t\t\t\t\t\t\t\t\t\t\t                                                                <span class=\"sl-date\"><time class=\"entry-date published\" datetime=\"2026-01-16T13:47:35+03:00\">16 Ocak 2026<\/time><\/span>\n\t\t\t\t\t\t\t\t\t\t\t\t\t\t\t\t\t\t\t\t\t\t\t\t\t\t\t\t\t\t\t\t\t\t\t\t\t\t\t\t\t\t\t\t\t\t\t\t\t\t\t\t\t\t\t\t\t\t\t\t\t\t\t\t\t\t\t\t\t\t\t\t\t\t\t\t\t\t\t\t\t\t\t\t\t\t\t\t\t\t                                                        <\/div>\n\t\t\t\t\t\t\t\t\t\t\t\t\t\n\t\t\t\t\t\t\t\t\t\t\t\t\t\t\t\t\t\t\t\t\t\t\t\t\t\t\n                                                <\/div>\n\n\t\t\t\t\t\t\t\t\t\t\t\t                                            <\/div>\n                                        <\/div>\n                                    <\/div>\n                                \t\t\t\t\t\t\t\t\t\t\t\t\t\t\t\t\t                                    <div class=\"pcsl-item\">\n                                        <div class=\"pcsl-itemin\">\n                                            <div class=\"pcsl-iteminer\">\n\t\t\t\t\t\t\t\t\t\t\t\t\n\t\t\t\t\t\t\t\t\t\t\t\t                                                    <div class=\"pcsl-thumb\">\n\t\t\t\t\t\t\t\t\t\t\t\t\t\t\t\t\t\t\t\t\t\t\t\t\t\t\t\t                                                            <a  data-bgset=\"https:\/\/tatd.org.tr\/arastirma\/wp-content\/uploads\/sites\/23\/2024\/07\/koah-263x175.png\" href=\"https:\/\/tatd.org.tr\/arastirma\/2024\/07\/20\/tatd-ttd-koah-as-yonetim-uygulama-rehberi-2021\/\"\n                                                               title=\"TATD-TTD KOAH AS Y\u00f6netim Uygulama rehberi-2021\"\n                                                               class=\"penci-lazy penci-image-holder\">\n\t                                                                                                                        <\/a>\n\n                                                    <\/div>\n\t\t\t\t\t\t\t\t\t\t\t\t                                                <div class=\"pcsl-content\">\n\t\t\t\t\t\t\t\t\t\t\t\t\t\n\t\t\t\t\t\t\t\t\t\t\t\t\t                                                        <div class=\"pcsl-title\">\n                                                            <a href=\"https:\/\/tatd.org.tr\/arastirma\/2024\/07\/20\/tatd-ttd-koah-as-yonetim-uygulama-rehberi-2021\/\">TATD-TTD KOAH AS Y\u00f6netim Uygulama rehberi-2021<\/a>\n                                                        <\/div>\n\t\t\t\t\t\t\t\t\t\t\t\t\t\n\t\t\t\t\t\t\t\t\t\t\t\t\t                                                        <div class=\"grid-post-box-meta pcsl-meta\">\n\t\t\t\t\t\t\t\t\t\t\t\t\t\t\t\t\t\t\t\t\t\t\t\t\t\t\t\t\t\t                                                                <span class=\"sl-date\"><time class=\"entry-date published\" datetime=\"2024-07-20T16:33:46+03:00\">20 Temmuz 2024<\/time><\/span>\n\t\t\t\t\t\t\t\t\t\t\t\t\t\t\t\t\t\t\t\t\t\t\t\t\t\t\t\t\t\t\t\t\t\t\t\t\t\t\t\t\t\t\t\t\t\t\t\t\t\t\t\t\t\t\t\t\t\t\t\t\t\t\t\t\t\t\t\t\t\t\t\t\t\t\t\t\t\t\t\t\t\t\t\t\t\t\t\t\t\t                                                        <\/div>\n\t\t\t\t\t\t\t\t\t\t\t\t\t\n\t\t\t\t\t\t\t\t\t\t\t\t\t\t\t\t\t\t\t\t\t\t\t\t\t\t\n                                                <\/div>\n\n\t\t\t\t\t\t\t\t\t\t\t\t                                            <\/div>\n                                        <\/div>\n                                    <\/div>\n                                \t\t\t\t\t\t\t\t\t\t\t\t\t\t\t\t\t                                    <div class=\"pcsl-item\">\n                                        <div class=\"pcsl-itemin\">\n                                            <div class=\"pcsl-iteminer\">\n\t\t\t\t\t\t\t\t\t\t\t\t\n\t\t\t\t\t\t\t\t\t\t\t\t                                                    <div class=\"pcsl-thumb\">\n\t\t\t\t\t\t\t\t\t\t\t\t\t\t\t\t\t\t\t\t\t\t\t\t\t\t\t\t                                                            <a  data-bgset=\"https:\/\/tatd.org.tr\/arastirma\/wp-content\/uploads\/sites\/23\/2018\/07\/sepsis-263x175.png\" href=\"https:\/\/tatd.org.tr\/arastirma\/2018\/07\/26\/tatd-kritik-hasta-bakimi-calisma-grubu-sepsis-tani-ve-tedavi-klinik-uygulama-rehberi-2018\/\"\n                                                               title=\"TATD Kritik Hasta Bak\u0131m\u0131 \u00c7al\u0131\u015fma Grubu Sepsis Tan\u0131 ve Tedavi Klinik Uygulama Rehberi 2018\"\n                                                               class=\"penci-lazy penci-image-holder\">\n\t                                                                                                                        <\/a>\n\n                                                    <\/div>\n\t\t\t\t\t\t\t\t\t\t\t\t                                                <div class=\"pcsl-content\">\n\t\t\t\t\t\t\t\t\t\t\t\t\t\n\t\t\t\t\t\t\t\t\t\t\t\t\t                                                        <div class=\"pcsl-title\">\n                                                            <a href=\"https:\/\/tatd.org.tr\/arastirma\/2018\/07\/26\/tatd-kritik-hasta-bakimi-calisma-grubu-sepsis-tani-ve-tedavi-klinik-uygulama-rehberi-2018\/\">TATD Kritik Hasta Bak\u0131m\u0131 \u00c7al\u0131\u015fma Grubu Sepsis Tan\u0131 ve Tedavi Klinik Uygulama Rehberi 2018<\/a>\n                                                        <\/div>\n\t\t\t\t\t\t\t\t\t\t\t\t\t\n\t\t\t\t\t\t\t\t\t\t\t\t\t                                                        <div class=\"grid-post-box-meta pcsl-meta\">\n\t\t\t\t\t\t\t\t\t\t\t\t\t\t\t\t\t\t\t\t\t\t\t\t\t\t\t\t\t\t                                                                <span class=\"sl-date\"><time class=\"entry-date published\" datetime=\"2018-07-26T10:24:00+03:00\">26 Temmuz 2018<\/time><\/span>\n\t\t\t\t\t\t\t\t\t\t\t\t\t\t\t\t\t\t\t\t\t\t\t\t\t\t\t\t\t\t\t\t\t\t\t\t\t\t\t\t\t\t\t\t\t\t\t\t\t\t\t\t\t\t\t\t\t\t\t\t\t\t\t\t\t\t\t\t\t\t\t\t\t\t\t\t\t\t\t\t\t\t\t\t\t\t\t\t\t\t                                                        <\/div>\n\t\t\t\t\t\t\t\t\t\t\t\t\t\n\t\t\t\t\t\t\t\t\t\t\t\t\t\t\t\t\t\t\t\t\t\t\t\t\t\t\n                                                <\/div>\n\n\t\t\t\t\t\t\t\t\t\t\t\t                                            <\/div>\n                                        <\/div>\n                                    <\/div>\n                                \t\t\t\t\t\t\t\t\t\t\t\t\t\t\t\t\t                                    <div class=\"pcsl-item pcsl-nothumb\">\n                                        <div class=\"pcsl-itemin\">\n                                            <div class=\"pcsl-iteminer\">\n\t\t\t\t\t\t\t\t\t\t\t\t\n\t\t\t\t\t\t\t\t\t\t\t\t                                                <div class=\"pcsl-content\">\n\t\t\t\t\t\t\t\t\t\t\t\t\t\n\t\t\t\t\t\t\t\t\t\t\t\t\t                                                        <div class=\"pcsl-title\">\n                                                            <a href=\"https:\/\/tatd.org.tr\/arastirma\/2016\/07\/26\/tatd-kritik-hasta-bakimi-calisma-grubu-sicak-hastaliklari-klinik-politika-rehberi-2016\/\">TATD Kritik Hasta Bak\u0131m\u0131 \u00c7al\u0131\u015fma Grubu S\u0131cak Hastal\u0131klar\u0131 Klinik Uygulama Rehberi 2016<\/a>\n                                                        <\/div>\n\t\t\t\t\t\t\t\t\t\t\t\t\t\n\t\t\t\t\t\t\t\t\t\t\t\t\t                                                        <div class=\"grid-post-box-meta pcsl-meta\">\n\t\t\t\t\t\t\t\t\t\t\t\t\t\t\t\t\t\t\t\t\t\t\t\t\t\t\t\t\t\t                                                                <span class=\"sl-date\"><time class=\"entry-date published\" datetime=\"2016-07-26T10:18:00+03:00\">26 Temmuz 2016<\/time><\/span>\n\t\t\t\t\t\t\t\t\t\t\t\t\t\t\t\t\t\t\t\t\t\t\t\t\t\t\t\t\t\t\t\t\t\t\t\t\t\t\t\t\t\t\t\t\t\t\t\t\t\t\t\t\t\t\t\t\t\t\t\t\t\t\t\t\t\t\t\t\t\t\t\t\t\t\t\t\t\t\t\t\t\t\t\t\t\t\t\t\t\t                                                        <\/div>\n\t\t\t\t\t\t\t\t\t\t\t\t\t\n\t\t\t\t\t\t\t\t\t\t\t\t\t\t\t\t\t\t\t\t\t\t\t\t\t\t\n                                                <\/div>\n\n\t\t\t\t\t\t\t\t\t\t\t\t                                            <\/div>\n                                        <\/div>\n                                    <\/div>\n                                \t\t\t\t\t\t\t\t\t\t\t\t\t\t\t\t                        <\/div>\n\n\t\t\t\t\t\t\n                    <\/div>\n\t\t\t\t\t            <\/div>\n        <\/div>\n\t\t\t\t\t\t<\/div>\n\t\t\t\t<\/div>\n\t\t\t\t<\/div>\n\t\t\t\t\t<\/div>\n\t\t\t\t<\/div>\n\t\t<div class=\"elementor-element elementor-element-890a256 e-flex e-con-boxed e-con e-parent\" data-id=\"890a256\" data-element_type=\"container\" data-e-type=\"container\">\n\t\t\t\t\t<div class=\"e-con-inner\">\n\t\t<div class=\"elementor-element elementor-element-9ec12b9 e-con-full e-flex e-con e-child\" data-id=\"9ec12b9\" data-element_type=\"container\" data-e-type=\"container\">\n\t\t<div class=\"elementor-element elementor-element-ba99bac e-con-full e-flex e-con e-child\" data-id=\"ba99bac\" data-element_type=\"container\" data-e-type=\"container\">\n\t\t\t\t<div class=\"elementor-element elementor-element-af7de31 elementor-widget elementor-widget-image\" data-id=\"af7de31\" data-element_type=\"widget\" data-e-type=\"widget\" data-widget_type=\"image.default\">\n\t\t\t\t<div class=\"elementor-widget-container\">\n\t\t\t\t\t\t\t\t\t\t\t\t<figure class=\"wp-caption\">\n\t\t\t\t\t\t\t\t\t\t\t<a href=\"https:\/\/tatd.org.tr\/arastirma\/pico_oner\/\" target=\"_blank\">\n\t\t\t\t\t\t\t<img decoding=\"async\" width=\"1024\" height=\"331\" src=\"https:\/\/tatd.org.tr\/arastirma\/wp-content\/uploads\/sites\/23\/2024\/07\/pico-1024x331.png\" class=\"elementor-animation-shrink attachment-large size-large wp-image-1637\" alt=\"\" srcset=\"https:\/\/tatd.org.tr\/arastirma\/wp-content\/uploads\/sites\/23\/2024\/07\/pico-1024x331.png 1024w, https:\/\/tatd.org.tr\/arastirma\/wp-content\/uploads\/sites\/23\/2024\/07\/pico-300x97.png 300w, https:\/\/tatd.org.tr\/arastirma\/wp-content\/uploads\/sites\/23\/2024\/07\/pico-768x248.png 768w, https:\/\/tatd.org.tr\/arastirma\/wp-content\/uploads\/sites\/23\/2024\/07\/pico-100x32.png 100w, https:\/\/tatd.org.tr\/arastirma\/wp-content\/uploads\/sites\/23\/2024\/07\/pico-1536x497.png 1536w, https:\/\/tatd.org.tr\/arastirma\/wp-content\/uploads\/sites\/23\/2024\/07\/pico-2048x662.png 2048w, https:\/\/tatd.org.tr\/arastirma\/wp-content\/uploads\/sites\/23\/2024\/07\/pico-1920x621.png 1920w, https:\/\/tatd.org.tr\/arastirma\/wp-content\/uploads\/sites\/23\/2024\/07\/pico-1170x378.png 1170w, https:\/\/tatd.org.tr\/arastirma\/wp-content\/uploads\/sites\/23\/2024\/07\/pico-585x189.png 585w\" sizes=\"(max-width: 1024px) 100vw, 1024px\" \/>\t\t\t\t\t\t\t\t<\/a>\n\t\t\t\t\t\t\t\t\t\t\t<figcaption class=\"widget-image-caption wp-caption-text\">Yan\u0131tlanmas\u0131n\u0131 istedi\u011finiz klinik sorular\u0131n\u0131z\u0131 bize iletin!<\/figcaption>\n\t\t\t\t\t\t\t\t\t\t<\/figure>\n\t\t\t\t\t\t\t\t\t<\/div>\n\t\t\t\t<\/div>\n\t\t\t\t<div class=\"elementor-element elementor-element-e616cde elementor-widget elementor-widget-image\" data-id=\"e616cde\" data-element_type=\"widget\" data-e-type=\"widget\" data-widget_type=\"image.default\">\n\t\t\t\t<div class=\"elementor-widget-container\">\n\t\t\t\t\t\t\t\t\t\t\t\t<figure class=\"wp-caption\">\n\t\t\t\t\t\t\t\t\t\t<img decoding=\"async\" width=\"1024\" height=\"331\" src=\"https:\/\/tatd.org.tr\/arastirma\/wp-content\/uploads\/sites\/23\/2024\/07\/a2-1024x331.png\" class=\"elementor-animation-shrink attachment-large size-large wp-image-1640\" alt=\"\" srcset=\"https:\/\/tatd.org.tr\/arastirma\/wp-content\/uploads\/sites\/23\/2024\/07\/a2-1024x331.png 1024w, https:\/\/tatd.org.tr\/arastirma\/wp-content\/uploads\/sites\/23\/2024\/07\/a2-300x97.png 300w, https:\/\/tatd.org.tr\/arastirma\/wp-content\/uploads\/sites\/23\/2024\/07\/a2-768x248.png 768w, https:\/\/tatd.org.tr\/arastirma\/wp-content\/uploads\/sites\/23\/2024\/07\/a2-100x32.png 100w, https:\/\/tatd.org.tr\/arastirma\/wp-content\/uploads\/sites\/23\/2024\/07\/a2-1536x497.png 1536w, https:\/\/tatd.org.tr\/arastirma\/wp-content\/uploads\/sites\/23\/2024\/07\/a2-2048x662.png 2048w, https:\/\/tatd.org.tr\/arastirma\/wp-content\/uploads\/sites\/23\/2024\/07\/a2-1920x621.png 1920w, https:\/\/tatd.org.tr\/arastirma\/wp-content\/uploads\/sites\/23\/2024\/07\/a2-1170x378.png 1170w, https:\/\/tatd.org.tr\/arastirma\/wp-content\/uploads\/sites\/23\/2024\/07\/a2-585x189.png 585w\" sizes=\"(max-width: 1024px) 100vw, 1024px\" \/>\t\t\t\t\t\t\t\t\t\t\t<figcaption class=\"widget-image-caption wp-caption-text\">Hen\u00fcz yay\u0131nlanmam\u0131\u015f taslak rehberler i\u00e7in \u00f6neri yap!<\/figcaption>\n\t\t\t\t\t\t\t\t\t\t<\/figure>\n\t\t\t\t\t\t\t\t\t<\/div>\n\t\t\t\t<\/div>\n\t\t\t\t<\/div>\n\t\t\t\t<\/div>\n\t\t\t\t\t<\/div>\n\t\t\t\t<\/div>\n\t\t\t\t<\/div>\n\t\t","protected":false},"excerpt":{"rendered":"<p>\/*! elementor &#8211; v3.22.0 &#8211; 26-06-2024 *\/ .elementor-widget-image{text-align:center}.elementor-widget-image a{display:inline-block}.elementor-widget-image a img[src$=&#8221;.svg&#8221;]{width:48px}.elementor-widget-image img{vertical-align:middle;display:inline-block} TATD-TTD KOAH AS Y\u00f6netim Uygulama rehberi-2021 20 Temmuz 2024 Klinik&hellip;<\/p>\n","protected":false},"author":1385,"featured_media":0,"parent":0,"menu_order":0,"comment_status":"closed","ping_status":"closed","template":"","meta":{"_acf_changed":false,"inline_featured_image":false,"_lmt_disableupdate":"","_lmt_disable":"","footnotes":""},"class_list":["post-1603","page","type-page","status-publish","hentry"],"acf":[],"_links":{"self":[{"href":"https:\/\/tatd.org.tr\/arastirma\/wp-json\/wp\/v2\/pages\/1603","targetHints":{"allow":["GET"]}}],"collection":[{"href":"https:\/\/tatd.org.tr\/arastirma\/wp-json\/wp\/v2\/pages"}],"about":[{"href":"https:\/\/tatd.org.tr\/arastirma\/wp-json\/wp\/v2\/types\/page"}],"author":[{"embeddable":true,"href":"https:\/\/tatd.org.tr\/arastirma\/wp-json\/wp\/v2\/users\/1385"}],"replies":[{"embeddable":true,"href":"https:\/\/tatd.org.tr\/arastirma\/wp-json\/wp\/v2\/comments?post=1603"}],"version-history":[{"count":0,"href":"https:\/\/tatd.org.tr\/arastirma\/wp-json\/wp\/v2\/pages\/1603\/revisions"}],"wp:attachment":[{"href":"https:\/\/tatd.org.tr\/arastirma\/wp-json\/wp\/v2\/media?parent=1603"}],"curies":[{"name":"wp","href":"https:\/\/api.w.org\/{rel}","templated":true}]}}