{"id":490,"date":"2019-03-19T06:25:21","date_gmt":"2019-03-19T03:25:21","guid":{"rendered":"http:\/\/acilbulten.net\/?page_id=490"},"modified":"2019-03-19T06:25:21","modified_gmt":"2019-03-19T03:25:21","slug":"onsoz","status":"publish","type":"page","link":"https:\/\/tatd.org.tr\/aciltipbulteni\/hakkimizda\/onsoz\/","title":{"rendered":"\u00d6ns\u00f6z"},"content":{"rendered":"\n<p><strong>De\u011ferli Acil T\u0131p G\u00f6n\u00fcll\u00fcleri,\n<\/strong><\/p>\n\n\n\n<p>T\u00fcrkiye Acil T\u0131p Derne\u011fi, yeni bir proje ile kar\u015f\u0131n\u0131za \u00e7\u0131k\u0131yor: <strong><em>\u201cAcil T\u0131p B\u00fclteni\u201d <\/em><\/strong>Acil servisteki yo\u011fun \u00e7al\u0131\u015fma temposundan biraz olsun f\u0131rsat buldu\u011funuz- da zevke okuyabilece\u011finiz bir b\u00fclten olu\u015fturmak istedik. Acil t\u0131p konusundaki geli\u015fmeler, r\u00f6portajlar, TATD faaliyetleri, sa\u011fl\u0131kl\u0131 ya\u015fam, sosyal konular ve acil t\u0131bbi ilgilendiren haberi art\u0131k elinizin alt\u0131nda bulacaks\u0131n\u0131z. Acil T\u0131p B\u00fclteni\u2019 nin planlanmas\u0131 ve olu\u015fmas\u0131 a\u015famalar\u0131nda bir\u00e7ok acil t\u0131p uzman\u0131 ve \u00f6\u011fretim \u00fcyesi \u00e7ok yo\u011fun bir \u00e7al\u0131\u015fma temposu sarf etti, her birine ayr\u0131 ayr\u0131 T\u00fcrkiye Acil T\u0131p Derne\u011fi Y\u00f6netim kurulu ad\u0131na te\u015fekk\u00fcr ederim. <\/p>\n\n\n\n<p>Sizlerin deste\u011fi ve katk\u0131lar\u0131 ile \u201cAcil T\u0131p B\u00fclteni\u201d geli\u015fecek, b\u00fcy\u00fcyecektir.\nSayg\u0131lar\u0131mla,\n<\/p>\n\n\n\n<p style=\"text-align:right\">Prof. Dr. Ersin Aksay<br><em>T\u00fcrkiye Acil T\u0131p Derne\u011fi Y\u00f6netim Kurulu Ba\u015fkan\u0131<\/em><\/p>\n\n\n\n<div style=\"height:50px\" aria-hidden=\"true\" class=\"wp-block-spacer\"><\/div>\n\n\n\n<p><strong>De\u011ferli Okuyucular\u0131m\u0131z,<\/strong><br>Yenilik\u00e7i, farkl\u0131 b\u00f6l\u00fcmlerle zenginle\u015ftirilmi\u015f; sadece Acil T\u0131p camias\u0131n\u0131n de\u011fil, sa\u011fl\u0131k sekt\u00f6r\u00fcn\u00fcn t\u00fcm payda\u015flar\u0131 ve onlar\u0131n \u00e7al\u0131\u015fanlar\u0131na y\u00f6nelik haz\u0131rlanan \u201cB\u00fclten\u201d i sizlere sunuyor olman\u0131n gururunu ya\u015famaktay\u0131z.<\/p>\n\n\n\n<p>Klasik t\u0131bbi \u201cresmi\u201d dili yerine, magazin tad\u0131nda haz\u0131rlanm\u0131\u015f olan \u201cB\u00fclten\u201d de; toplumun hayati de\u011ferleri olan sa\u011fl\u0131k \u00e7al\u0131\u015fanlar\u0131n\u0131n ya\u015famlar\u0131na dair renkli bilgileri ve yine, sa\u011fl\u0131k\u00e7\u0131 olsun olmas\u0131n herkes i\u00e7in faydal\u0131 olacak pek \u00e7ok konuya ait ipu\u00e7lar\u0131n\u0131 vererek ya\u015famlar\u0131m\u0131za renk, tat ve kalite katmay\u0131 hedeflemekteyiz.<\/p>\n\n\n\n<p>Hayatlar\u0131m\u0131z\u0131n \u00f6nemli bir k\u0131sm\u0131n\u0131n hasta bak\u0131m\u0131 ile ge\u00e7ti\u011finin fark\u0131nda olan bizler, hastanede ge\u00e7en zaman\u0131n her \u015feyden ibaret olmad\u0131\u011f\u0131n\u0131, d\u0131\u015far\u0131da da g\u00fczel vakit ge\u00e7irebilece\u011finizi, bunu yapamad\u0131\u011f\u0131n\u0131z hallerde; zevk ile takip edebilece\u011finiz B\u00fcltenin hayat\u0131n\u0131za y\u00f6ne verebilece\u011fini, sizlere g\u00f6stermek istiyoruz. Zira B\u00fclten, sadece Acil T\u0131p camias\u0131n\u0131n b\u00fcy\u00fck bir aile oldu\u011funu de\u011fil, t\u00fcm sa\u011fl\u0131k sekt\u00f6r\u00fc ile birlikte sizin; bu ailede yaln\u0131z olmad\u0131\u011f\u0131n\u0131z\u0131 da g\u00f6stermeyi ama\u00e7lamaktad\u0131r.<br><\/p>\n\n\n\n<p>1995 y\u0131l\u0131nda kurulan T\u00fcrkiye Acil T\u0131p Derne\u011fi\u2019 nin \u00f6nemli g\u00fc\u00e7lerinden olmaya aday &#8220;B\u00fclten&#8221; &#8216;i keyif ile takip edece\u011finizi umuyor, t\u00fcm sa\u011fl\u0131k camias\u0131na ve \u00fclkemize hay\u0131rl\u0131 olmas\u0131n\u0131 diliyorum.<\/p>\n\n\n\n<p style=\"text-align:right\">Do\u00e7. Dr. Serkan Emre Ero\u011flu<br><em>Genel Yay\u0131n Direkt\u00f6r\u00fc<\/em><\/p>\n","protected":false},"excerpt":{"rendered":"<p>De\u011ferli Acil T\u0131p G\u00f6n\u00fcll\u00fcleri, T\u00fcrkiye Acil T\u0131p Derne\u011fi, yeni bir proje ile kar\u015f\u0131n\u0131za \u00e7\u0131k\u0131yor: \u201cAcil T\u0131p B\u00fclteni\u201d Acil servisteki yo\u011fun \u00e7al\u0131\u015fma temposundan&hellip;<\/p>\n","protected":false},"author":1599,"featured_media":0,"parent":1797,"menu_order":1,"comment_status":"closed","ping_status":"closed","template":"","meta":{"_acf_changed":false,"inline_featured_image":false,"_lmt_disableupdate":"","_lmt_disable":"","footnotes":""},"class_list":["post-490","page","type-page","status-publish","hentry"],"acf":[],"_links":{"self":[{"href":"https:\/\/tatd.org.tr\/aciltipbulteni\/wp-json\/wp\/v2\/pages\/490","targetHints":{"allow":["GET"]}}],"collection":[{"href":"https:\/\/tatd.org.tr\/aciltipbulteni\/wp-json\/wp\/v2\/pages"}],"about":[{"href":"https:\/\/tatd.org.tr\/aciltipbulteni\/wp-json\/wp\/v2\/types\/page"}],"author":[{"embeddable":true,"href":"https:\/\/tatd.org.tr\/aciltipbulteni\/wp-json\/wp\/v2\/users\/1599"}],"replies":[{"embeddable":true,"href":"https:\/\/tatd.org.tr\/aciltipbulteni\/wp-json\/wp\/v2\/comments?post=490"}],"version-history":[{"count":0,"href":"https:\/\/tatd.org.tr\/aciltipbulteni\/wp-json\/wp\/v2\/pages\/490\/revisions"}],"up":[{"embeddable":true,"href":"https:\/\/tatd.org.tr\/aciltipbulteni\/wp-json\/wp\/v2\/pages\/1797"}],"wp:attachment":[{"href":"https:\/\/tatd.org.tr\/aciltipbulteni\/wp-json\/wp\/v2\/media?parent=490"}],"curies":[{"name":"wp","href":"https:\/\/api.w.org\/{rel}","templated":true}]}}